{"id":11167,"date":"2024-06-15T13:25:36","date_gmt":"2024-06-15T11:25:36","guid":{"rendered":"http:\/\/www.compostelle-mayenne.fr\/?page_id=11167"},"modified":"2026-03-13T17:52:43","modified_gmt":"2026-03-13T16:52:43","slug":"administratif","status":"publish","type":"page","link":"https:\/\/www.compostelle-mayenne.fr\/index.php\/administratif\/","title":{"rendered":"Administratif"},"content":{"rendered":"\t\t<div data-elementor-type=\"wp-page\" data-elementor-id=\"11167\" class=\"elementor elementor-11167\" data-elementor-settings=\"[]\">\n\t\t\t<div class=\"elementor-inner\">\n\t\t\t\t<div class=\"elementor-section-wrap\">\n\t\t\t\t\t\t\t<section class=\"elementor-element elementor-element-bdc6573 elementor-section-stretched elementor-section-boxed elementor-section-height-default elementor-section-height-default elementor-section elementor-top-section\" data-id=\"bdc6573\" data-element_type=\"section\" data-settings=\"{&quot;stretch_section&quot;:&quot;section-stretched&quot;}\">\n\t\t\t\t\t\t<div class=\"elementor-container elementor-column-gap-default\">\n\t\t\t\t<div class=\"elementor-row\">\n\t\t\t\t<div class=\"elementor-element elementor-element-a486117 elementor-column elementor-col-100 elementor-top-column\" data-id=\"a486117\" data-element_type=\"column\">\n\t\t\t<div class=\"elementor-column-wrap  elementor-element-populated\">\n\t\t\t\t\t<div class=\"elementor-widget-wrap\">\n\t\t\t\t<div class=\"elementor-element elementor-element-0affa05 elementor-widget elementor-widget-text-editor\" data-id=\"0affa05\" data-element_type=\"widget\" data-widget_type=\"text-editor.default\">\n\t\t\t\t<div class=\"elementor-widget-container\">\n\t\t\t\t\t<div class=\"elementor-text-editor elementor-clearfix\"><p style=\"text-align: center;\"><span style=\"color: #000000;\"><a style=\"color: #000000;\" href=\"http:\/\/www.compostelle-mayenne.fr\/index.php\/assemblees-generales\/\" target=\"_blank\" rel=\"noopener\"><strong><span style=\"text-decoration: underline;\">Assembl\u00e9es G\u00e9n\u00e9rales<\/span><\/strong><\/a><\/span><\/p><\/div>\n\t\t\t\t<\/div>\n\t\t\t\t<\/div>\n\t\t\t\t<div class=\"elementor-element elementor-element-09c0caa elementor-widget elementor-widget-text-editor\" data-id=\"09c0caa\" data-element_type=\"widget\" data-widget_type=\"text-editor.default\">\n\t\t\t\t<div class=\"elementor-widget-container\">\n\t\t\t\t\t<div class=\"elementor-text-editor elementor-clearfix\"><p style=\"text-align: center;\"><span style=\"color: #000000;\"><a style=\"color: #000000;\" href=\"http:\/\/www.compostelle-mayenne.fr\/wp-content\/uploads\/2026\/03\/Statuts-2026.pdf\" target=\"_blank\" rel=\"noopener\"><span style=\"text-decoration: underline;\"><strong>Statuts<\/strong><\/span><\/a><\/span><\/p><\/div>\n\t\t\t\t<\/div>\n\t\t\t\t<\/div>\n\t\t\t\t<div class=\"elementor-element elementor-element-7dbb618 elementor-widget elementor-widget-text-editor\" data-id=\"7dbb618\" data-element_type=\"widget\" data-widget_type=\"text-editor.default\">\n\t\t\t\t<div class=\"elementor-widget-container\">\n\t\t\t\t\t<div class=\"elementor-text-editor elementor-clearfix\"><p style=\"text-align: center;\"><span style=\"color: #000000;\"><a style=\"color: #000000;\" href=\"http:\/\/www.compostelle-mayenne.fr\/index.php\/liste-des-membres-du-conseil-dadministration-au-03-02-2020\/\" target=\"_blank\" rel=\"noopener\"><strong><span style=\"text-decoration: underline;\">Liste des Membres du Conseil d&rsquo;Administration<\/span><\/strong><\/a><\/span><\/p><\/div>\n\t\t\t\t<\/div>\n\t\t\t\t<\/div>\n\t\t\t\t\t\t<\/div>\n\t\t\t<\/div>\n\t\t<\/div>\n\t\t\t\t\t\t<\/div>\n\t\t\t<\/div>\n\t\t<\/section>\n\t\t\t\t\t\t<\/div>\n\t\t\t<\/div>\n\t\t<\/div>\n\t\t","protected":false},"excerpt":{"rendered":"<p>Assembl\u00e9es G\u00e9n\u00e9rales Statuts Liste des Membres du Conseil d&rsquo;Administration<\/p>\n","protected":false},"author":1,"featured_media":0,"parent":0,"menu_order":0,"comment_status":"closed","ping_status":"closed","template":"","meta":[],"_links":{"self":[{"href":"https:\/\/www.compostelle-mayenne.fr\/index.php\/wp-json\/wp\/v2\/pages\/11167"}],"collection":[{"href":"https:\/\/www.compostelle-mayenne.fr\/index.php\/wp-json\/wp\/v2\/pages"}],"about":[{"href":"https:\/\/www.compostelle-mayenne.fr\/index.php\/wp-json\/wp\/v2\/types\/page"}],"author":[{"embeddable":true,"href":"https:\/\/www.compostelle-mayenne.fr\/index.php\/wp-json\/wp\/v2\/users\/1"}],"replies":[{"embeddable":true,"href":"https:\/\/www.compostelle-mayenne.fr\/index.php\/wp-json\/wp\/v2\/comments?post=11167"}],"version-history":[{"count":5,"href":"https:\/\/www.compostelle-mayenne.fr\/index.php\/wp-json\/wp\/v2\/pages\/11167\/revisions"}],"predecessor-version":[{"id":13784,"href":"https:\/\/www.compostelle-mayenne.fr\/index.php\/wp-json\/wp\/v2\/pages\/11167\/revisions\/13784"}],"wp:attachment":[{"href":"https:\/\/www.compostelle-mayenne.fr\/index.php\/wp-json\/wp\/v2\/media?parent=11167"}],"curies":[{"name":"wp","href":"https:\/\/api.w.org\/{rel}","templated":true}]}}

<div data-elementor-type="wp-page" data-elementor-id="11167" class="elementor elementor-11167" data-elementor-settings="[]">
			<div class="elementor-inner">
				<div class="elementor-section-wrap">
							<section class="elementor-element elementor-element-bdc6573 elementor-section-stretched elementor-section-boxed elementor-section-height-default elementor-section-height-default elementor-section elementor-top-section" data-id="bdc6573" data-element_type="section" data-settings="{&quot;stretch_section&quot;:&quot;section-stretched&quot;}">
						<div class="elementor-container elementor-column-gap-default">
				<div class="elementor-row">
				<div class="elementor-element elementor-element-a486117 elementor-column elementor-col-100 elementor-top-column" data-id="a486117" data-element_type="column">
			<div class="elementor-column-wrap  elementor-element-populated">
					<div class="elementor-widget-wrap">
				<div class="elementor-element elementor-element-0affa05 elementor-widget elementor-widget-text-editor" data-id="0affa05" data-element_type="widget" data-widget_type="text-editor.default">
				<div class="elementor-widget-container">
					<div class="elementor-text-editor elementor-clearfix"><p style="text-align: center;"><span style="color: #000000;"><a style="color: #000000;" href="http://www.compostelle-mayenne.fr/index.php/assemblees-generales/" target="_blank" rel="noopener"><strong><span style="text-decoration: underline;">Assemblées Générales</span></strong></a></span></p></div>
				</div>
				</div>
				<div class="elementor-element elementor-element-09c0caa elementor-widget elementor-widget-text-editor" data-id="09c0caa" data-element_type="widget" data-widget_type="text-editor.default">
				<div class="elementor-widget-container">
					<div class="elementor-text-editor elementor-clearfix"><p style="text-align: center;"><span style="color: #000000;"><a style="color: #000000;" href="http://www.compostelle-mayenne.fr/wp-content/uploads/2026/03/Statuts-2026.pdf" target="_blank" rel="noopener"><span style="text-decoration: underline;"><strong>Statuts</strong></span></a></span></p></div>
				</div>
				</div>
				<div class="elementor-element elementor-element-7dbb618 elementor-widget elementor-widget-text-editor" data-id="7dbb618" data-element_type="widget" data-widget_type="text-editor.default">
				<div class="elementor-widget-container">
					<div class="elementor-text-editor elementor-clearfix"><p style="text-align: center;"><span style="color: #000000;"><a style="color: #000000;" href="http://www.compostelle-mayenne.fr/index.php/liste-des-membres-du-conseil-dadministration-au-03-02-2020/" target="_blank" rel="noopener"><strong><span style="text-decoration: underline;">Liste des Membres du Conseil d&rsquo;Administration</span></strong></a></span></p></div>
				</div>
				</div>
						</div>
			</div>
		</div>
						</div>
			</div>
		</section>
						</div>
			</div>
		</div>

<p>Assemblées Générales Statuts Liste des Membres du Conseil d&rsquo;Administration</p>
