{"id":13052,"date":"2025-12-10T22:02:33","date_gmt":"2025-12-10T21:02:33","guid":{"rendered":"http:\/\/www.compostelle-mayenne.fr\/?page_id=13052"},"modified":"2026-04-10T13:43:32","modified_gmt":"2026-04-10T11:43:32","slug":"angers-le-mont-via-pontmain","status":"publish","type":"page","link":"https:\/\/www.compostelle-mayenne.fr\/index.php\/angers-le-mont-via-pontmain\/","title":{"rendered":"Angers &#8211; le Mont-St-Michel via Laval et  Pontmain"},"content":{"rendered":"\t\t<div data-elementor-type=\"wp-page\" data-elementor-id=\"13052\" class=\"elementor elementor-13052\" data-elementor-settings=\"[]\">\n\t\t\t<div class=\"elementor-inner\">\n\t\t\t\t<div class=\"elementor-section-wrap\">\n\t\t\t\t\t\t\t<section class=\"elementor-element elementor-element-4505891 elementor-section-stretched elementor-section-boxed elementor-section-height-default elementor-section-height-default elementor-section elementor-top-section\" data-id=\"4505891\" data-element_type=\"section\" data-settings=\"{&quot;stretch_section&quot;:&quot;section-stretched&quot;}\">\n\t\t\t\t\t\t<div class=\"elementor-container elementor-column-gap-default\">\n\t\t\t\t<div class=\"elementor-row\">\n\t\t\t\t<div class=\"elementor-element elementor-element-1fd438d elementor-column elementor-col-100 elementor-top-column\" data-id=\"1fd438d\" data-element_type=\"column\">\n\t\t\t<div class=\"elementor-column-wrap  elementor-element-populated\">\n\t\t\t\t\t<div class=\"elementor-widget-wrap\">\n\t\t\t\t<div class=\"elementor-element elementor-element-8a74a7a elementor-widget elementor-widget-text-editor\" data-id=\"8a74a7a\" data-element_type=\"widget\" data-widget_type=\"text-editor.default\">\n\t\t\t\t<div class=\"elementor-widget-container\">\n\t\t\t\t\t<div class=\"elementor-text-editor elementor-clearfix\"><p><span style=\"color: #000000;\"><em>Chemin d&rsquo;Angers<\/em><\/span><\/p><\/div>\n\t\t\t\t<\/div>\n\t\t\t\t<\/div>\n\t\t\t\t\t\t<\/div>\n\t\t\t<\/div>\n\t\t<\/div>\n\t\t\t\t\t\t<\/div>\n\t\t\t<\/div>\n\t\t<\/section>\n\t\t\t\t<section class=\"elementor-element elementor-element-ba840bd elementor-section-stretched elementor-section-boxed elementor-section-height-default elementor-section-height-default elementor-section elementor-top-section\" data-id=\"ba840bd\" data-element_type=\"section\" data-settings=\"{&quot;stretch_section&quot;:&quot;section-stretched&quot;}\">\n\t\t\t\t\t\t<div class=\"elementor-container elementor-column-gap-default\">\n\t\t\t\t<div class=\"elementor-row\">\n\t\t\t\t<div class=\"elementor-element elementor-element-2acfaba elementor-column elementor-col-50 elementor-top-column\" data-id=\"2acfaba\" data-element_type=\"column\">\n\t\t\t<div class=\"elementor-column-wrap  elementor-element-populated\">\n\t\t\t\t\t<div class=\"elementor-widget-wrap\">\n\t\t\t\t<div class=\"elementor-element elementor-element-fffef5e elementor-widget elementor-widget-image\" data-id=\"fffef5e\" data-element_type=\"widget\" data-widget_type=\"image.default\">\n\t\t\t\t<div class=\"elementor-widget-container\">\n\t\t\t\t\t<div class=\"elementor-image\">\n\t\t\t\t\t\t\t\t\t\t<img width=\"150\" height=\"150\" src=\"https:\/\/www.compostelle-mayenne.fr\/wp-content\/uploads\/2025\/12\/Logo-MSM-2025-150x150.jpg\" class=\"attachment-thumbnail size-thumbnail\" alt=\"\" loading=\"lazy\" \/>\t\t\t\t\t\t\t\t\t\t\t<\/div>\n\t\t\t\t<\/div>\n\t\t\t\t<\/div>\n\t\t\t\t<div class=\"elementor-element elementor-element-d51bad4 elementor-widget elementor-widget-text-editor\" data-id=\"d51bad4\" data-element_type=\"widget\" data-widget_type=\"text-editor.default\">\n\t\t\t\t<div class=\"elementor-widget-container\">\n\t\t\t\t\t<div class=\"elementor-text-editor elementor-clearfix\"><p align=\"left\">Ce chemin de 230 km relie Angers au Mont-Saint-Michel via Laval et Pontmain. L&rsquo;association des Amis de Saint-Jacques-de-Compostelle en Anjou, a cr\u00e9\u00e9 et \u00e9dite un <span style=\"text-decoration: underline;\"><span lang=\"zxx\"><a href=\"http:\/\/compostelle-anjou.fr\/chemins\/pontmain\" target=\"_blank\" rel=\"noopener\">guide<\/a><\/span><\/span><span lang=\"zxx\">. <\/span><\/p><\/div>\n\t\t\t\t<\/div>\n\t\t\t\t<\/div>\n\t\t\t\t\t\t<\/div>\n\t\t\t<\/div>\n\t\t<\/div>\n\t\t\t\t<div class=\"elementor-element elementor-element-809fccf elementor-column elementor-col-50 elementor-top-column\" data-id=\"809fccf\" data-element_type=\"column\">\n\t\t\t<div class=\"elementor-column-wrap  elementor-element-populated\">\n\t\t\t\t\t<div class=\"elementor-widget-wrap\">\n\t\t\t\t<div class=\"elementor-element elementor-element-cdb4577 elementor-widget elementor-widget-image\" data-id=\"cdb4577\" data-element_type=\"widget\" data-widget_type=\"image.default\">\n\t\t\t\t<div class=\"elementor-widget-container\">\n\t\t\t\t\t<div class=\"elementor-image\">\n\t\t\t\t\t\t\t<figure class=\"wp-caption\">\n\t\t\t\t\t\t\t\t\t\t\t<a href=\"https:\/\/www.geoportail.gouv.fr\/carte?c=-3.280366149693815,48.41593005473507&amp;z=8&amp;l0=GEOGRAPHICALGRIDSYSTEMS.MAPS::GEOPORTAIL:OGC:WMTS(1)&amp;d1=4429563(0.5)&amp;d2=3316631(1)&amp;d3=4429572(0.5)&amp;d4=4429575(0.5)&amp;permalink=yes\" target=\"_blank\">\n\t\t\t\t\t\t\t<img width=\"678\" height=\"373\" src=\"https:\/\/www.compostelle-mayenne.fr\/wp-content\/uploads\/2025\/12\/Carte-chemin-d-Angers.jpg\" class=\"attachment-full size-full\" alt=\"\" loading=\"lazy\" srcset=\"https:\/\/www.compostelle-mayenne.fr\/wp-content\/uploads\/2025\/12\/Carte-chemin-d-Angers.jpg 678w, https:\/\/www.compostelle-mayenne.fr\/wp-content\/uploads\/2025\/12\/Carte-chemin-d-Angers-300x165.jpg 300w\" sizes=\"(max-width: 678px) 100vw, 678px\" \/>\t\t\t\t\t\t\t\t<\/a>\n\t\t\t\t\t\t\t\t\t\t\t<figcaption class=\"widget-image-caption wp-caption-text\">Vue d\u00b4ensemble<\/figcaption>\n\t\t\t\t\t\t\t\t\t\t<\/figure>\n\t\t\t\t\t<\/div>\n\t\t\t\t<\/div>\n\t\t\t\t<\/div>\n\t\t\t\t\t\t<\/div>\n\t\t\t<\/div>\n\t\t<\/div>\n\t\t\t\t\t\t<\/div>\n\t\t\t<\/div>\n\t\t<\/section>\n\t\t\t\t<section class=\"elementor-element elementor-element-34bd76c elementor-section-stretched elementor-section-boxed elementor-section-height-default elementor-section-height-default elementor-section elementor-top-section\" data-id=\"34bd76c\" data-element_type=\"section\" data-settings=\"{&quot;stretch_section&quot;:&quot;section-stretched&quot;}\">\n\t\t\t\t\t\t<div class=\"elementor-container elementor-column-gap-default\">\n\t\t\t\t<div class=\"elementor-row\">\n\t\t\t\t<div class=\"elementor-element elementor-element-d58cc68 elementor-column elementor-col-33 elementor-top-column\" data-id=\"d58cc68\" data-element_type=\"column\">\n\t\t\t<div class=\"elementor-column-wrap  elementor-element-populated\">\n\t\t\t\t\t<div class=\"elementor-widget-wrap\">\n\t\t\t\t<div class=\"elementor-element elementor-element-e21141a elementor-widget elementor-widget-text-editor\" data-id=\"e21141a\" data-element_type=\"widget\" data-widget_type=\"text-editor.default\">\n\t\t\t\t<div class=\"elementor-widget-container\">\n\t\t\t\t\t<div class=\"elementor-text-editor elementor-clearfix\"><p><span lang=\"zxx\">Les distances :<\/span><\/p><ul><li><span lang=\"zxx\">Angers \u2013 le Mont-Saint-Michel : <\/span><span lang=\"zxx\">230km <\/span><\/li><li><span lang=\"zxx\">Ch\u00e2teau-Gontier \u2013 le Mont-Saint-Michel :<\/span><span lang=\"zxx\">180km<\/span><\/li><li><span lang=\"zxx\">Laval \u2013 le Mont-Saint-Michel : <\/span><span lang=\"zxx\">145km<\/span><\/li><li><span lang=\"zxx\">Pontmain \u2013 le Mont-Saint-Michel : <\/span><span lang=\"zxx\">60km<\/span><\/li><\/ul><\/div>\n\t\t\t\t<\/div>\n\t\t\t\t<\/div>\n\t\t\t\t\t\t<\/div>\n\t\t\t<\/div>\n\t\t<\/div>\n\t\t\t\t<div class=\"elementor-element elementor-element-e9303e1 elementor-column elementor-col-33 elementor-top-column\" data-id=\"e9303e1\" data-element_type=\"column\">\n\t\t\t<div class=\"elementor-column-wrap\">\n\t\t\t\t\t<div class=\"elementor-widget-wrap\">\n\t\t\t\t\t\t<\/div>\n\t\t\t<\/div>\n\t\t<\/div>\n\t\t\t\t<div class=\"elementor-element elementor-element-c5eba9f elementor-column elementor-col-33 elementor-top-column\" data-id=\"c5eba9f\" data-element_type=\"column\">\n\t\t\t<div class=\"elementor-column-wrap  elementor-element-populated\">\n\t\t\t\t\t<div class=\"elementor-widget-wrap\">\n\t\t\t\t<div class=\"elementor-element elementor-element-f5d7c4c elementor-widget elementor-widget-text-editor\" data-id=\"f5d7c4c\" data-element_type=\"widget\" data-widget_type=\"text-editor.default\">\n\t\t\t\t<div class=\"elementor-widget-container\">\n\t\t\t\t\t<div class=\"elementor-text-editor elementor-clearfix\"><ul><li><span style=\"text-decoration: underline; color: #993300;\">Le<a style=\"color: #993300;\" href=\"https:\/\/www.geoportail.gouv.fr\/carte?c=-3.280366149693815,48.41593005473507&amp;z=8&amp;l0=GEOGRAPHICALGRIDSYSTEMS.MAPS::GEOPORTAIL:OGC:WMTS(1)&amp;d1=4429563(0.5)&amp;d2=3316631(1)&amp;d3=4429572(0.5)&amp;d4=4429575(0.5)&amp;permalink=yes\" target=\"_blank\" rel=\"noopener\"> <span lang=\"zxx\">trac\u00e9 GPX<\/span><\/a><\/span><\/li><li><span style=\"text-decoration: underline;\"><span style=\"color: #993300; text-decoration: underline;\">Le <span lang=\"zxx\"><a style=\"color: #993300; text-decoration: underline;\" href=\"https:\/\/www.wivisites.com\/search_sites?type=city&amp;address=Laval,%2053000\" target=\"_blank\" rel=\"noopener\">patrimoine de Laval<\/a><\/span><\/span><\/span><\/li><\/ul><p align=\"left\">\u00a0<\/p><\/div>\n\t\t\t\t<\/div>\n\t\t\t\t<\/div>\n\t\t\t\t\t\t<\/div>\n\t\t\t<\/div>\n\t\t<\/div>\n\t\t\t\t\t\t<\/div>\n\t\t\t<\/div>\n\t\t<\/section>\n\t\t\t\t<section class=\"elementor-element elementor-element-3bda433 elementor-section-stretched elementor-section-boxed elementor-section-height-default elementor-section-height-default elementor-section elementor-top-section\" data-id=\"3bda433\" data-element_type=\"section\" data-settings=\"{&quot;stretch_section&quot;:&quot;section-stretched&quot;}\">\n\t\t\t\t\t\t<div class=\"elementor-container elementor-column-gap-default\">\n\t\t\t\t<div class=\"elementor-row\">\n\t\t\t\t<div class=\"elementor-element elementor-element-58eb324 elementor-column elementor-col-50 elementor-top-column\" data-id=\"58eb324\" data-element_type=\"column\">\n\t\t\t<div class=\"elementor-column-wrap  elementor-element-populated\">\n\t\t\t\t\t<div class=\"elementor-widget-wrap\">\n\t\t\t\t<div class=\"elementor-element elementor-element-718ff8f elementor-widget elementor-widget-text-editor\" data-id=\"718ff8f\" data-element_type=\"widget\" data-widget_type=\"text-editor.default\">\n\t\t\t\t<div class=\"elementor-widget-container\">\n\t\t\t\t\t<div class=\"elementor-text-editor elementor-clearfix\"><p>Le balisage commence l\u00e0 o\u00f9 l&rsquo;on quitte le chemin de halage, une dizaine de km au nord de Laval. Un descriptif sera mis en ligne prochainement.<\/p><p><strong><span style=\"color: #000000;\">Pratique<\/span><\/strong><\/p><p>Le carnet du p\u00e8lerin ou carnet du Miquelot, indispensable pour \u00eatre h\u00e9berg\u00e9 dans les \u00ab\u00a0accueils p\u00e8lerins\u00a0\u00bb est <span style=\"text-decoration: underline; color: #a62429;\">remis gracieusement \u00e0 <\/span><span style=\"text-decoration: underline; color: #993300;\"><span style=\"color: #a62429; text-decoration: underline;\">nos<\/span> <span lang=\"zxx\"><a style=\"color: #993300; text-decoration: underline;\" href=\"https:\/\/www.compostelle-mayenne.fr\/index.php\/adhesion-internet-et-imprimable\/\" target=\"_blank\" rel=\"noopener\">adh\u00e9rents<\/a><\/span><\/span>. L\u2019association Compostelle 53 &amp; AC f\u00e9d\u00e8re un <a href=\"https:\/\/www.compostelle-mayenne.fr\/wp-content\/uploads\/2025\/01\/Charte-du-pelerin-accueilli-2025.pdf\" target=\"_blank\" rel=\"noopener\"><span style=\"text-decoration: underline;\">r\u00e9seau de familles d\u2019accueil p\u00e8lerin<\/span><\/a> en Mayenne. Elles seront heureuses de vous accueillir. Sur notre site sont recens\u00e9s \u00e9galement les h\u00e9bergements religieux ainsi que ceux propos\u00e9s par les communes.<\/p><ul><li><span style=\"text-decoration: underline;\"><span lang=\"zxx\"><a href=\"https:\/\/www.compostelle-mayenne.fr\/index.php\/hebergement\/\" target=\"_blank\" rel=\"noopener\">Les h\u00e9bergements p\u00e8lerins en Mayenne<\/a><\/span><\/span>.<\/li><li><span style=\"text-decoration: underline;\"><a href=\"http:\/\/compostelle72.fr\/wp-content\/uploads\/2026\/02\/Hebergements-%E2%80%93-Tours-Le-Mont-Saint-Michel-par-Mayenne-GPS-1-19-02-26.pdf\" target=\"_blank\" rel=\"noopener\">Liste des h\u00e9bergements au del\u00e0 de la Mayenne ( fournie par Compostelle72)<\/a><\/span><\/li><li><a href=\"https:\/\/www.pelerin-montsaintmichel.org\/le-sanctuaire-mont-saint-michel\/sheberger\/demande-daccueil-pelerinage\" target=\"_blank\" rel=\"noopener\"><span style=\"text-decoration: underline;\">Demande sp\u00e9cifique pour l&rsquo;accueil p\u00e8lerin au Mont-Saint-Michel<\/span><\/a><\/li><\/ul><p><strong>Transports<\/strong><\/p><p><a href=\"https:\/\/www.facebook.com\/bipbipvoyages\/videos\/?ref=page_internal\" target=\"_blank\" rel=\"noopener\">Bip Bip Voyages<\/a> propose des services de transport sur mesure, ainsi que <a href=\"http:\/\/www.sudmayenne.com\/pratique\/transport-bagages-velo\">Vincent Derouet.<\/a> 06.82.84.54.88, mail <strong><a href=\"mailto::%20vincent-sv@orange.fr%0d%0d\">:<\/a><\/strong> <a href=\"mailto::%20vincent-sv@orange.fr%0d%0d\">vincent-sv@orange.fr.<\/a>\u00a0<a href=\"https:\/\/keolis-armor.com\/fr\/zmr-Destination-Mont-Saint-Michel-.html\">Sans oublier le voyagiste <strong>KEOLIS.<\/strong><\/a><\/p><\/div>\n\t\t\t\t<\/div>\n\t\t\t\t<\/div>\n\t\t\t\t\t\t<\/div>\n\t\t\t<\/div>\n\t\t<\/div>\n\t\t\t\t<div class=\"elementor-element elementor-element-f40e707 elementor-column elementor-col-50 elementor-top-column\" data-id=\"f40e707\" data-element_type=\"column\">\n\t\t\t<div class=\"elementor-column-wrap\">\n\t\t\t\t\t<div class=\"elementor-widget-wrap\">\n\t\t\t\t\t\t<\/div>\n\t\t\t<\/div>\n\t\t<\/div>\n\t\t\t\t\t\t<\/div>\n\t\t\t<\/div>\n\t\t<\/section>\n\t\t\t\t<section class=\"elementor-element elementor-element-006c013 elementor-section-stretched elementor-section-boxed elementor-section-height-default elementor-section-height-default elementor-section elementor-top-section\" data-id=\"006c013\" data-element_type=\"section\" data-settings=\"{&quot;stretch_section&quot;:&quot;section-stretched&quot;}\">\n\t\t\t\t\t\t<div class=\"elementor-container elementor-column-gap-default\">\n\t\t\t\t<div class=\"elementor-row\">\n\t\t\t\t<div class=\"elementor-element elementor-element-4747a51 elementor-column elementor-col-33 elementor-top-column\" data-id=\"4747a51\" data-element_type=\"column\">\n\t\t\t<div class=\"elementor-column-wrap\">\n\t\t\t\t\t<div class=\"elementor-widget-wrap\">\n\t\t\t\t\t\t<\/div>\n\t\t\t<\/div>\n\t\t<\/div>\n\t\t\t\t<div class=\"elementor-element elementor-element-2a8ae0d elementor-column elementor-col-33 elementor-top-column\" data-id=\"2a8ae0d\" data-element_type=\"column\">\n\t\t\t<div class=\"elementor-column-wrap  elementor-element-populated\">\n\t\t\t\t\t<div class=\"elementor-widget-wrap\">\n\t\t\t\t<div class=\"elementor-element elementor-element-d729ffb elementor-align-center elementor-widget elementor-widget-button\" data-id=\"d729ffb\" data-element_type=\"widget\" data-widget_type=\"button.default\">\n\t\t\t\t<div class=\"elementor-widget-container\">\n\t\t\t\t\t<div class=\"elementor-button-wrapper\">\n\t\t\t<a href=\"https:\/\/www.compostelle-mayenne.fr\/index.php\/chemins-vers-le-mont-st-michel\/\" target=\"_blank\" class=\"elementor-button-link elementor-button elementor-size-lg\" role=\"button\">\n\t\t\t\t\t\t<span class=\"elementor-button-content-wrapper\">\n\t\t\t\t\t\t<span class=\"elementor-button-text\">Retour : Chemins vers le Mont-Saint-Michel<\/span>\n\t\t<\/span>\n\t\t\t\t\t<\/a>\n\t\t<\/div>\n\t\t\t\t<\/div>\n\t\t\t\t<\/div>\n\t\t\t\t\t\t<\/div>\n\t\t\t<\/div>\n\t\t<\/div>\n\t\t\t\t<div class=\"elementor-element elementor-element-057b3ed elementor-column elementor-col-33 elementor-top-column\" data-id=\"057b3ed\" data-element_type=\"column\">\n\t\t\t<div class=\"elementor-column-wrap\">\n\t\t\t\t\t<div class=\"elementor-widget-wrap\">\n\t\t\t\t\t\t<\/div>\n\t\t\t<\/div>\n\t\t<\/div>\n\t\t\t\t\t\t<\/div>\n\t\t\t<\/div>\n\t\t<\/section>\n\t\t\t\t\t\t<\/div>\n\t\t\t<\/div>\n\t\t<\/div>\n\t\t","protected":false},"excerpt":{"rendered":"<p>Chemin d&rsquo;Angers Ce chemin de 230 km relie Angers au Mont-Saint-Michel via Laval et Pontmain. L&rsquo;association des Amis de Saint-Jacques-de-Compostelle en Anjou, a cr\u00e9\u00e9 et \u00e9dite un guide. Vue d\u00b4ensemble Les distances : Angers \u2013 le Mont-Saint-Michel : 230km Ch\u00e2teau-Gontier \u2013 le Mont-Saint-Michel :180km Laval \u2013 le Mont-Saint-Michel : 145km Pontmain \u2013 le Mont-Saint-Michel : [&hellip;]<\/p>\n","protected":false},"author":1,"featured_media":0,"parent":0,"menu_order":0,"comment_status":"closed","ping_status":"closed","template":"","meta":[],"_links":{"self":[{"href":"https:\/\/www.compostelle-mayenne.fr\/index.php\/wp-json\/wp\/v2\/pages\/13052"}],"collection":[{"href":"https:\/\/www.compostelle-mayenne.fr\/index.php\/wp-json\/wp\/v2\/pages"}],"about":[{"href":"https:\/\/www.compostelle-mayenne.fr\/index.php\/wp-json\/wp\/v2\/types\/page"}],"author":[{"embeddable":true,"href":"https:\/\/www.compostelle-mayenne.fr\/index.php\/wp-json\/wp\/v2\/users\/1"}],"replies":[{"embeddable":true,"href":"https:\/\/www.compostelle-mayenne.fr\/index.php\/wp-json\/wp\/v2\/comments?post=13052"}],"version-history":[{"count":59,"href":"https:\/\/www.compostelle-mayenne.fr\/index.php\/wp-json\/wp\/v2\/pages\/13052\/revisions"}],"predecessor-version":[{"id":13983,"href":"https:\/\/www.compostelle-mayenne.fr\/index.php\/wp-json\/wp\/v2\/pages\/13052\/revisions\/13983"}],"wp:attachment":[{"href":"https:\/\/www.compostelle-mayenne.fr\/index.php\/wp-json\/wp\/v2\/media?parent=13052"}],"curies":[{"name":"wp","href":"https:\/\/api.w.org\/{rel}","templated":true}]}}