{"id":13334,"date":"2025-12-16T19:10:17","date_gmt":"2025-12-16T18:10:17","guid":{"rendered":"http:\/\/www.compostelle-mayenne.fr\/?page_id=13334"},"modified":"2026-03-20T14:11:25","modified_gmt":"2026-03-20T13:11:25","slug":"la-voie-des-plantagenet","status":"publish","type":"page","link":"https:\/\/www.compostelle-mayenne.fr\/index.php\/la-voie-des-plantagenet\/","title":{"rendered":"Mont-Saint-Michel &#8211; Vitr\u00e9 &#8211; Angers &#8211; St-Jean-Pied-de-Port"},"content":{"rendered":"\t\t<div data-elementor-type=\"wp-page\" data-elementor-id=\"13334\" class=\"elementor elementor-13334\" data-elementor-settings=\"[]\">\n\t\t\t<div class=\"elementor-inner\">\n\t\t\t\t<div class=\"elementor-section-wrap\">\n\t\t\t\t\t\t\t<section class=\"elementor-element elementor-element-e661b53 elementor-section-stretched elementor-section-boxed elementor-section-height-default elementor-section-height-default elementor-section elementor-top-section\" data-id=\"e661b53\" data-element_type=\"section\" data-settings=\"{&quot;stretch_section&quot;:&quot;section-stretched&quot;}\">\n\t\t\t\t\t\t<div class=\"elementor-container elementor-column-gap-default\">\n\t\t\t\t<div class=\"elementor-row\">\n\t\t\t\t<div class=\"elementor-element elementor-element-2a25195 elementor-column elementor-col-100 elementor-top-column\" data-id=\"2a25195\" data-element_type=\"column\">\n\t\t\t<div class=\"elementor-column-wrap  elementor-element-populated\">\n\t\t\t\t\t<div class=\"elementor-widget-wrap\">\n\t\t\t\t<div class=\"elementor-element elementor-element-02d3459 elementor-widget elementor-widget-text-editor\" data-id=\"02d3459\" data-element_type=\"widget\" data-widget_type=\"text-editor.default\">\n\t\t\t\t<div class=\"elementor-widget-container\">\n\t\t\t\t\t<div class=\"elementor-text-editor elementor-clearfix\"><p><em>Chemin des Plantagenet<\/em><\/p><\/div>\n\t\t\t\t<\/div>\n\t\t\t\t<\/div>\n\t\t\t\t\t\t<\/div>\n\t\t\t<\/div>\n\t\t<\/div>\n\t\t\t\t\t\t<\/div>\n\t\t\t<\/div>\n\t\t<\/section>\n\t\t\t\t<section class=\"elementor-element elementor-element-b22111e elementor-section-stretched elementor-section-boxed elementor-section-height-default elementor-section-height-default elementor-section elementor-top-section\" data-id=\"b22111e\" data-element_type=\"section\" data-settings=\"{&quot;stretch_section&quot;:&quot;section-stretched&quot;}\">\n\t\t\t\t\t\t<div class=\"elementor-container elementor-column-gap-default\">\n\t\t\t\t<div class=\"elementor-row\">\n\t\t\t\t<div class=\"elementor-element elementor-element-fca8599 elementor-column elementor-col-50 elementor-top-column\" data-id=\"fca8599\" data-element_type=\"column\">\n\t\t\t<div class=\"elementor-column-wrap  elementor-element-populated\">\n\t\t\t\t\t<div class=\"elementor-widget-wrap\">\n\t\t\t\t<div class=\"elementor-element elementor-element-3cec15f elementor-widget elementor-widget-image\" data-id=\"3cec15f\" data-element_type=\"widget\" data-widget_type=\"image.default\">\n\t\t\t\t<div class=\"elementor-widget-container\">\n\t\t\t\t\t<div class=\"elementor-image\">\n\t\t\t\t\t\t\t\t\t\t<img width=\"300\" height=\"192\" src=\"https:\/\/www.compostelle-mayenne.fr\/wp-content\/uploads\/2025\/12\/Logo-2026-Compostelle-300x192.jpg\" class=\"attachment-medium size-medium\" alt=\"\" loading=\"lazy\" srcset=\"https:\/\/www.compostelle-mayenne.fr\/wp-content\/uploads\/2025\/12\/Logo-2026-Compostelle-300x192.jpg 300w, https:\/\/www.compostelle-mayenne.fr\/wp-content\/uploads\/2025\/12\/Logo-2026-Compostelle-938x600.jpg 938w, https:\/\/www.compostelle-mayenne.fr\/wp-content\/uploads\/2025\/12\/Logo-2026-Compostelle-768x491.jpg 768w, https:\/\/www.compostelle-mayenne.fr\/wp-content\/uploads\/2025\/12\/Logo-2026-Compostelle.jpg 1080w\" sizes=\"(max-width: 300px) 100vw, 300px\" \/>\t\t\t\t\t\t\t\t\t\t\t<\/div>\n\t\t\t\t<\/div>\n\t\t\t\t<\/div>\n\t\t\t\t\t\t<\/div>\n\t\t\t<\/div>\n\t\t<\/div>\n\t\t\t\t<div class=\"elementor-element elementor-element-868cf9a elementor-column elementor-col-50 elementor-top-column\" data-id=\"868cf9a\" data-element_type=\"column\">\n\t\t\t<div class=\"elementor-column-wrap  elementor-element-populated\">\n\t\t\t\t\t<div class=\"elementor-widget-wrap\">\n\t\t\t\t<div class=\"elementor-element elementor-element-68de73f elementor-widget elementor-widget-text-editor\" data-id=\"68de73f\" data-element_type=\"widget\" data-widget_type=\"text-editor.default\">\n\t\t\t\t<div class=\"elementor-widget-container\">\n\t\t\t\t\t<div class=\"elementor-text-editor elementor-clearfix\"><p style=\"text-align: center;\">DU MONT-SAINT-MICHEL<\/p><p>en passant par Foug\u00e8res, Vitr\u00e9,Chelun et Sennonnes (53) pour rejoindre Angers par le chemin des Plantagen\u00eat.<\/p><p>\u00a0<\/p><\/div>\n\t\t\t\t<\/div>\n\t\t\t\t<\/div>\n\t\t\t\t\t\t<\/div>\n\t\t\t<\/div>\n\t\t<\/div>\n\t\t\t\t\t\t<\/div>\n\t\t\t<\/div>\n\t\t<\/section>\n\t\t\t\t<section class=\"elementor-element elementor-element-fb49f7b elementor-section-stretched elementor-section-boxed elementor-section-height-default elementor-section-height-default elementor-section elementor-top-section\" data-id=\"fb49f7b\" data-element_type=\"section\" data-settings=\"{&quot;stretch_section&quot;:&quot;section-stretched&quot;}\">\n\t\t\t\t\t\t<div class=\"elementor-container elementor-column-gap-default\">\n\t\t\t\t<div class=\"elementor-row\">\n\t\t\t\t<div class=\"elementor-element elementor-element-0da6370 elementor-column elementor-col-50 elementor-top-column\" data-id=\"0da6370\" data-element_type=\"column\">\n\t\t\t<div class=\"elementor-column-wrap  elementor-element-populated\">\n\t\t\t\t\t<div class=\"elementor-widget-wrap\">\n\t\t\t\t<div class=\"elementor-element elementor-element-426373f elementor-widget elementor-widget-text-editor\" data-id=\"426373f\" data-element_type=\"widget\" data-widget_type=\"text-editor.default\">\n\t\t\t\t<div class=\"elementor-widget-container\">\n\t\t\t\t\t<div class=\"elementor-text-editor elementor-clearfix\"><p>La <a href=\"https:\/\/compostelle-bretagne.fr\/system\/files\/media\/guide\/La%20Voie%20des%20Plantagene%CC%82t%2025-02-15_0.pdf\" target=\"_blank\" rel=\"noopener\"><span style=\"text-decoration: underline;\">Voie des Plantagen\u00eat<\/span><\/a> relie le Mont-Saint-Michel \u00e0 la <a href=\"https:\/\/www-gronze-com.translate.goog\/camino-santiago-paris?_x_tr_sl=auto&amp;_x_tr_tl=fr\" target=\"_blank\" rel=\"noopener\"><span style=\"text-decoration: underline;\">Voie de Tours <\/span><\/a>. Elle ne traverse que bri\u00e8vement, sur une dizaine de kilom\u00e8tres, l&rsquo;extr\u00e9mit\u00e9 sud-ouest de la Mayenne. Elle passe par Foug\u00e8res, Vitr\u00e9, La Guerche-de-Bretagne et Angers pour rejoindre\u00a0 la voie de Tours \u00e0 Aulnay-de-Saintonge. De l\u00e0 les p\u00e8lerins se dirigent vers Bordeaux, Saint-Jean-Pied-de-Port et Saint-Jacques-de-Compostelle&#8230;<\/p><p><b>\u00a0Distance :<\/b><\/p><p>\u00a0Mont-Saint-Michel \u00e0 Aulnay-de-Saintonge : 562km.<\/p><p>Aulnay-de-Saintonge &#8211; Saint-Jean-d\u00b4Angely \u2013 Saint-Jean-Pied-de-Port : 453km.<\/p><ul><li><a href=\"https:\/\/www.visugpx.com\/KdUS5rW1tl\" target=\"_blank\" rel=\"noopener\"><span style=\"text-decoration: underline;\">Le trac\u00e9 gpx<\/span><\/a><\/li><\/ul><\/div>\n\t\t\t\t<\/div>\n\t\t\t\t<\/div>\n\t\t\t\t\t\t<\/div>\n\t\t\t<\/div>\n\t\t<\/div>\n\t\t\t\t<div class=\"elementor-element elementor-element-7344e4a elementor-column elementor-col-50 elementor-top-column\" data-id=\"7344e4a\" data-element_type=\"column\">\n\t\t\t<div class=\"elementor-column-wrap  elementor-element-populated\">\n\t\t\t\t\t<div class=\"elementor-widget-wrap\">\n\t\t\t\t<div class=\"elementor-element elementor-element-bdfa4a1 elementor-widget elementor-widget-image\" data-id=\"bdfa4a1\" data-element_type=\"widget\" data-widget_type=\"image.default\">\n\t\t\t\t<div class=\"elementor-widget-container\">\n\t\t\t\t\t<div class=\"elementor-image\">\n\t\t\t\t\t\t\t\t\t\t\t<a href=\"https:\/\/www.visugpx.com\/KdUS5rW1tl\" target=\"_blank\">\n\t\t\t\t\t\t\t<img width=\"420\" height=\"329\" src=\"https:\/\/www.compostelle-mayenne.fr\/wp-content\/uploads\/2025\/12\/Carte-chemin-des-Plantagenet.jpg\" class=\"attachment-large size-large\" alt=\"\" loading=\"lazy\" srcset=\"https:\/\/www.compostelle-mayenne.fr\/wp-content\/uploads\/2025\/12\/Carte-chemin-des-Plantagenet.jpg 420w, https:\/\/www.compostelle-mayenne.fr\/wp-content\/uploads\/2025\/12\/Carte-chemin-des-Plantagenet-300x235.jpg 300w\" sizes=\"(max-width: 420px) 100vw, 420px\" \/>\t\t\t\t\t\t\t\t<\/a>\n\t\t\t\t\t\t\t\t\t\t\t<\/div>\n\t\t\t\t<\/div>\n\t\t\t\t<\/div>\n\t\t\t\t\t\t<\/div>\n\t\t\t<\/div>\n\t\t<\/div>\n\t\t\t\t\t\t<\/div>\n\t\t\t<\/div>\n\t\t<\/section>\n\t\t\t\t<section class=\"elementor-element elementor-element-8304be2 elementor-section-stretched elementor-section-boxed elementor-section-height-default elementor-section-height-default elementor-section elementor-top-section\" data-id=\"8304be2\" data-element_type=\"section\" data-settings=\"{&quot;stretch_section&quot;:&quot;section-stretched&quot;}\">\n\t\t\t\t\t\t<div class=\"elementor-container elementor-column-gap-default\">\n\t\t\t\t<div class=\"elementor-row\">\n\t\t\t\t<div class=\"elementor-element elementor-element-1980d83 elementor-column elementor-col-50 elementor-top-column\" data-id=\"1980d83\" data-element_type=\"column\">\n\t\t\t<div class=\"elementor-column-wrap  elementor-element-populated\">\n\t\t\t\t\t<div class=\"elementor-widget-wrap\">\n\t\t\t\t<div class=\"elementor-element elementor-element-8f90fed elementor-widget elementor-widget-text-editor\" data-id=\"8f90fed\" data-element_type=\"widget\" data-widget_type=\"text-editor.default\">\n\t\t\t\t<div class=\"elementor-widget-container\">\n\t\t\t\t\t<div class=\"elementor-text-editor elementor-clearfix\"><p>L\u00b4association des Amis de Saint Jacques en Bretagne a \u00e9dit\u00e9 <a href=\"https:\/\/www.lulu.com\/fr\/shop\/association-bretonne-amis-de-saint-jacques\/guide-de-la-voie-des-plantagen%C3%83%C2%AAts\/paperback\/product-24487705.html?page=1&amp;pageSize=4\" target=\"_blank\" rel=\"noopener\"><span style=\"text-decoration: underline;\">un guide en 2017<\/span><\/a> et une <u><a href=\"https:\/\/compostelle-bretagne.fr\/system\/files\/media\/guide\/La%20Voie%20des%20Plantagene%CC%82t%2025-02-15_0.pdf\" target=\"_blank\" rel=\"noopener\">version PDF<\/a><\/u> mise \u00e0 jour r\u00e9guli\u00e8rement.<\/p><p>Les Amis de Saint Jacques en Bretagne et\u00a0 les Amis de Saint Jacques en Anjou ont recens\u00e9 les h\u00e9bergements, commerciaux ou accueils p\u00e8lerins.<\/p><ul><li><a href=\"https:\/\/www.pelerin-montsaintmichel.org\/le-sanctuaire-mont-saint-michel\/sheberger\/demande-daccueil-pelerinage\" target=\"_blank\" rel=\"noopener\"><span style=\"text-decoration: underline;\">Demande sp\u00e9cifique pour l&rsquo;accueil p\u00e8lerin au Mont-Saint-Michel<\/span><\/a><\/li><li><a href=\"http:\/\/compostelle-anjou.fr\/pratique\/hebergements\" target=\"_blank\" rel=\"noopener\"><span style=\"text-decoration: underline;\">Liste des h\u00e9bergements (fournie par Compostelle 49) ic<\/span><\/a><a href=\"https:\/\/compostelle-bretagne.fr\/chemins\/liste_hebergements\/mont-saint-michel-courcelles\" target=\"_blank\" rel=\"noopener\"><span style=\"text-decoration: underline;\">i<\/span><\/a>.<\/li><\/ul><\/div>\n\t\t\t\t<\/div>\n\t\t\t\t<\/div>\n\t\t\t\t\t\t<\/div>\n\t\t\t<\/div>\n\t\t<\/div>\n\t\t\t\t<div class=\"elementor-element elementor-element-c8d10bf elementor-column elementor-col-50 elementor-top-column\" data-id=\"c8d10bf\" data-element_type=\"column\">\n\t\t\t<div class=\"elementor-column-wrap\">\n\t\t\t\t\t<div class=\"elementor-widget-wrap\">\n\t\t\t\t\t\t<\/div>\n\t\t\t<\/div>\n\t\t<\/div>\n\t\t\t\t\t\t<\/div>\n\t\t\t<\/div>\n\t\t<\/section>\n\t\t\t\t<section class=\"elementor-element elementor-element-f934326 elementor-section-stretched elementor-section-boxed elementor-section-height-default elementor-section-height-default elementor-section elementor-top-section\" data-id=\"f934326\" data-element_type=\"section\" data-settings=\"{&quot;stretch_section&quot;:&quot;section-stretched&quot;}\">\n\t\t\t\t\t\t<div class=\"elementor-container elementor-column-gap-default\">\n\t\t\t\t<div class=\"elementor-row\">\n\t\t\t\t<div class=\"elementor-element elementor-element-3d17600 elementor-column elementor-col-100 elementor-top-column\" data-id=\"3d17600\" data-element_type=\"column\">\n\t\t\t<div class=\"elementor-column-wrap  elementor-element-populated\">\n\t\t\t\t\t<div class=\"elementor-widget-wrap\">\n\t\t\t\t<div class=\"elementor-element elementor-element-47e3cec elementor-widget elementor-widget-text-editor\" data-id=\"47e3cec\" data-element_type=\"widget\" data-widget_type=\"text-editor.default\">\n\t\t\t\t<div class=\"elementor-widget-container\">\n\t\t\t\t\t<div class=\"elementor-text-editor elementor-clearfix\"><h1>Pratique<\/h1><p><strong>\u00a0<\/strong>Le <strong>carnet du p\u00e8lerin ou credencial<\/strong>, indispensable pour \u00eatre h\u00e9berg\u00e9 dans les \u00ab\u00a0accueils p\u00e8lerins\u00a0\u00bb <span style=\"text-decoration: underline;\"><span style=\"color: #a62400; text-decoration: underline;\">est remis gracieusement \u00e0 <a style=\"color: #a62400; text-decoration: underline;\" href=\"https:\/\/www.compostelle-mayenne.fr\/index.php\/adhesion-internet-et-imprimable\/\" target=\"_blank\" rel=\"noopener\">nos adh\u00e9rents<\/a><\/span>.<\/span><\/p><p>L\u2019association Compostelle 53 &amp; AC f\u00e9d\u00e8re <span style=\"text-decoration: underline;\"><a href=\"http:\/\/www.compostelle-mayenne.fr\/wp-content\/uploads\/2025\/01\/Charte-du-pelerin-accueilli-2025.pdf\" target=\"_blank\" rel=\"noopener\">un r\u00e9seau de familles d\u2019accueil p\u00e8lerin<\/a><\/span> en Mayenne. Elles seront heureuses de vous accueillir. Sur notre site sont recens\u00e9s \u00e9galement les h\u00e9bergements religieux ainsi que ceux propos\u00e9s par les communes.<\/p><p><strong>Transports<\/strong><\/p><p><a href=\"https:\/\/www.facebook.com\/bipbipvoyages\/videos\/?ref=page_internal\" target=\"_blank\" rel=\"noopener\">Bip Bip Voyages<\/a> propose des services de transport sur mesure, ainsi que <a href=\"http:\/\/www.sudmayenne.com\/pratique\/transport-bagages-velo\">Vincent Derouet.<\/a> 06.82.84.54.88, mail <strong><a href=\"mailto::%20vincent-sv@orange.fr%0d%0d\">:<\/a><\/strong> <a href=\"mailto::%20vincent-sv@orange.fr%0d%0d\">vincent-sv@orange.fr.<\/a>\u00a0<a href=\"https:\/\/keolis-armor.com\/fr\/zmr-Destination-Mont-Saint-Michel-.html\">Sans oublier le voyagiste KEOLIS<strong>.<\/strong><\/a><\/p><\/div>\n\t\t\t\t<\/div>\n\t\t\t\t<\/div>\n\t\t\t\t\t\t<\/div>\n\t\t\t<\/div>\n\t\t<\/div>\n\t\t\t\t\t\t<\/div>\n\t\t\t<\/div>\n\t\t<\/section>\n\t\t\t\t<section class=\"elementor-element elementor-element-2d6c054 elementor-section-stretched elementor-section-boxed elementor-section-height-default elementor-section-height-default elementor-section elementor-top-section\" data-id=\"2d6c054\" data-element_type=\"section\" data-settings=\"{&quot;stretch_section&quot;:&quot;section-stretched&quot;}\">\n\t\t\t\t\t\t<div class=\"elementor-container elementor-column-gap-default\">\n\t\t\t\t<div class=\"elementor-row\">\n\t\t\t\t<div class=\"elementor-element elementor-element-bdd9367 elementor-column elementor-col-33 elementor-top-column\" data-id=\"bdd9367\" data-element_type=\"column\">\n\t\t\t<div class=\"elementor-column-wrap\">\n\t\t\t\t\t<div class=\"elementor-widget-wrap\">\n\t\t\t\t\t\t<\/div>\n\t\t\t<\/div>\n\t\t<\/div>\n\t\t\t\t<div class=\"elementor-element elementor-element-4ea5c3b elementor-column elementor-col-33 elementor-top-column\" data-id=\"4ea5c3b\" data-element_type=\"column\">\n\t\t\t<div class=\"elementor-column-wrap  elementor-element-populated\">\n\t\t\t\t\t<div class=\"elementor-widget-wrap\">\n\t\t\t\t<div class=\"elementor-element elementor-element-690b09d elementor-align-center elementor-widget elementor-widget-button\" data-id=\"690b09d\" data-element_type=\"widget\" data-widget_type=\"button.default\">\n\t\t\t\t<div class=\"elementor-widget-container\">\n\t\t\t\t\t<div class=\"elementor-button-wrapper\">\n\t\t\t<a href=\"https:\/\/www.compostelle-mayenne.fr\/index.php\/rejoindre-son-grand-chemin-depuis-la-mayenne\/\" target=\"_blank\" class=\"elementor-button-link elementor-button elementor-size-lg\" role=\"button\">\n\t\t\t\t\t\t<span class=\"elementor-button-content-wrapper\">\n\t\t\t\t\t\t<span class=\"elementor-button-text\">Retour : Chemins vers Compostelle<\/span>\n\t\t<\/span>\n\t\t\t\t\t<\/a>\n\t\t<\/div>\n\t\t\t\t<\/div>\n\t\t\t\t<\/div>\n\t\t\t\t\t\t<\/div>\n\t\t\t<\/div>\n\t\t<\/div>\n\t\t\t\t<div class=\"elementor-element elementor-element-f677e20 elementor-column elementor-col-33 elementor-top-column\" data-id=\"f677e20\" data-element_type=\"column\">\n\t\t\t<div class=\"elementor-column-wrap\">\n\t\t\t\t\t<div class=\"elementor-widget-wrap\">\n\t\t\t\t\t\t<\/div>\n\t\t\t<\/div>\n\t\t<\/div>\n\t\t\t\t\t\t<\/div>\n\t\t\t<\/div>\n\t\t<\/section>\n\t\t\t\t\t\t<\/div>\n\t\t\t<\/div>\n\t\t<\/div>\n\t\t","protected":false},"excerpt":{"rendered":"<p>Chemin des Plantagenet DU MONT-SAINT-MICHEL en passant par Foug\u00e8res, Vitr\u00e9,Chelun et Sennonnes (53) pour rejoindre Angers par le chemin des Plantagen\u00eat. \u00a0 La Voie des Plantagen\u00eat relie le Mont-Saint-Michel \u00e0 la Voie de Tours . Elle ne traverse que bri\u00e8vement, sur une dizaine de kilom\u00e8tres, l&rsquo;extr\u00e9mit\u00e9 sud-ouest de la Mayenne. Elle passe par Foug\u00e8res, Vitr\u00e9, [&hellip;]<\/p>\n","protected":false},"author":1,"featured_media":0,"parent":0,"menu_order":0,"comment_status":"closed","ping_status":"closed","template":"","meta":[],"_links":{"self":[{"href":"https:\/\/www.compostelle-mayenne.fr\/index.php\/wp-json\/wp\/v2\/pages\/13334"}],"collection":[{"href":"https:\/\/www.compostelle-mayenne.fr\/index.php\/wp-json\/wp\/v2\/pages"}],"about":[{"href":"https:\/\/www.compostelle-mayenne.fr\/index.php\/wp-json\/wp\/v2\/types\/page"}],"author":[{"embeddable":true,"href":"https:\/\/www.compostelle-mayenne.fr\/index.php\/wp-json\/wp\/v2\/users\/1"}],"replies":[{"embeddable":true,"href":"https:\/\/www.compostelle-mayenne.fr\/index.php\/wp-json\/wp\/v2\/comments?post=13334"}],"version-history":[{"count":36,"href":"https:\/\/www.compostelle-mayenne.fr\/index.php\/wp-json\/wp\/v2\/pages\/13334\/revisions"}],"predecessor-version":[{"id":13841,"href":"https:\/\/www.compostelle-mayenne.fr\/index.php\/wp-json\/wp\/v2\/pages\/13334\/revisions\/13841"}],"wp:attachment":[{"href":"https:\/\/www.compostelle-mayenne.fr\/index.php\/wp-json\/wp\/v2\/media?parent=13334"}],"curies":[{"name":"wp","href":"https:\/\/api.w.org\/{rel}","templated":true}]}}