{"id":1880,"date":"2020-03-03T23:40:00","date_gmt":"2020-03-03T22:40:00","guid":{"rendered":"http:\/\/www.compostelle-mayenne.fr\/?page_id=1880"},"modified":"2026-02-20T13:22:49","modified_gmt":"2026-02-20T12:22:49","slug":"assemblees-generales","status":"publish","type":"page","link":"https:\/\/www.compostelle-mayenne.fr\/index.php\/assemblees-generales\/","title":{"rendered":"Assembl\u00e9es g\u00e9n\u00e9rales"},"content":{"rendered":"\t\t<div data-elementor-type=\"wp-page\" data-elementor-id=\"1880\" class=\"elementor elementor-1880\" data-elementor-settings=\"[]\">\n\t\t\t<div class=\"elementor-inner\">\n\t\t\t\t<div class=\"elementor-section-wrap\">\n\t\t\t\t\t\t\t<section class=\"elementor-element elementor-element-27ba919 elementor-section-stretched elementor-section-boxed elementor-section-height-default elementor-section-height-default elementor-section elementor-top-section\" data-id=\"27ba919\" data-element_type=\"section\" data-settings=\"{&quot;stretch_section&quot;:&quot;section-stretched&quot;}\">\n\t\t\t\t\t\t<div class=\"elementor-container elementor-column-gap-default\">\n\t\t\t\t<div class=\"elementor-row\">\n\t\t\t\t<div class=\"elementor-element elementor-element-18f11f9 elementor-column elementor-col-50 elementor-top-column\" data-id=\"18f11f9\" data-element_type=\"column\">\n\t\t\t<div class=\"elementor-column-wrap  elementor-element-populated\">\n\t\t\t\t\t<div class=\"elementor-widget-wrap\">\n\t\t\t\t<div class=\"elementor-element elementor-element-9c9b1da elementor-widget elementor-widget-text-editor\" data-id=\"9c9b1da\" data-element_type=\"widget\" data-widget_type=\"text-editor.default\">\n\t\t\t\t<div class=\"elementor-widget-container\">\n\t\t\t\t\t<div class=\"elementor-text-editor elementor-clearfix\"><div>\u00a0<\/div><div>Ch\u00e8res adh\u00e9rentes , Chers adh\u00e9rents,<\/div><div>\u00a0<\/div><div><div>Premier grand rendez-vous de l\u2019ann\u00e9e, c&rsquo;est \u00e0 la maison des randonneurs, aux Bizeuls que nous nous sommes retrouv\u00e9s pour notre <span style=\"text-decoration: underline;\"><strong><a href=\"http:\/\/www.compostelle-mayenne.fr\/wp-content\/uploads\/2026\/02\/2026-02-14-AG-1.pdf\" target=\"_blank\" rel=\"noopener\">assembl\u00e9e g\u00e9n\u00e9rale annuelle<\/a>,<\/strong><\/span><strong>\u00a0 le 14 f\u00e9vrier 2026 \u00e0 14 h \u00e0 Ern\u00e9e<\/strong><span style=\"text-decoration: underline;\">,<\/span>\u00a0l\u2019occasion de faire le bilan de l\u2019ann\u00e9e \u00e9coul\u00e9e, de vous pr\u00e9senter nos projets.<\/div><div>\u00a0<\/div><div>Le th\u00e8me de cette ann\u00e9e : Naissance et vie d&rsquo;un chemin avec la participation de Mme Arcanger, Maire d&rsquo;Ern\u00e9e.<\/div><div>\u00a0<\/div><div>M\u00eame si vous n&rsquo;avez pas pu participer \u00e0 cette premi\u00e8re rencontre, il est toujours possible de r\u00e8gler votre adh\u00e9sion, tranquillement au chaud de chez vous, par internet <span style=\"text-decoration: underline;\">via <a href=\"http:\/\/www.compostelle-mayenne.fr\/index.php\/adhesion-internet-et-imprimable\/\" target=\"_blank\" rel=\"noopener\">Helloasso.<\/a><\/span><\/div><div>\u00a0<\/div><div>Ainsi, vous nous soutenez pour toujours plus de projets en adh\u00e9rent \u00e0 notre association.<\/div><div>\u00a0<\/div><div>Nous vous rappelons que <strong><a href=\"http:\/\/www.compostelle-mayenne.fr\/index.php\/adhesion-internet-et-imprimable\/\" target=\"_blank\" rel=\"noopener\"><span style=\"text-decoration: underline;\"><em>Votre adh\u00e9sion<\/em><\/span><\/a><\/strong> est notre seul soutien financier nous permettant de mettre en valeur les chemins d&rsquo;itin\u00e9rance, notamment en Mayenne et de vous les faire partager.<\/div><div><div>Nous vous remercions chaleureusement, par avance, de votre parrainage. La visite de ce site en est d\u00e9j\u00e0 la premi\u00e8re d\u00e9marche.<\/div><\/div><\/div><div>\u00a0<\/div><div><div><a href=\"http:\/\/www.compostelle-mayenne.fr\/wp-content\/uploads\/2026\/02\/2026-PV_AG-ORDINAIREExtraO.pdf\" target=\"_blank\" rel=\"noopener\"><span style=\"text-decoration: underline;\">PV Assembl\u00e9e g\u00e9n\u00e9rale du 14 f\u00e9vrier 2026<\/span><\/a><\/div><div>\u00a0<\/div><\/div><div><a href=\"http:\/\/www.compostelle-mayenne.fr\/wp-content\/uploads\/2025\/02\/PV-A-G-Compostelle-8-02-2025.pdf\" target=\"_blank\" rel=\"noopener\"><span style=\"text-decoration: underline;\">PV Assembl\u00e9e g\u00e9n\u00e9rale du 8 f\u00e9vrier 2025<\/span><\/a><\/div><div>\u00a0<\/div><div><a href=\"http:\/\/www.compostelle-mayenne.fr\/wp-content\/uploads\/2024\/02\/PV-AG-2024-02-10.pdf\" target=\"_blank\" rel=\"noopener\"><span style=\"text-decoration: underline;\">PV Assembl\u00e9e g\u00e9n\u00e9rale du 10 f\u00e9vrier 2024<\/span><\/a><\/div><div>\u00a0<\/div><div>\u00a0<\/div><div><a href=\"http:\/\/www.compostelle-mayenne.fr\/index.php\/statuts\/\" target=\"_blank\" rel=\"noopener\"><em><strong>Archives Assembl\u00e9es G\u00e9n\u00e9rales<\/strong><\/em><\/a><\/div><div>\u00a0<\/div><div>\u00a0<\/div><div>\u00a0<\/div><\/div>\n\t\t\t\t<\/div>\n\t\t\t\t<\/div>\n\t\t\t\t\t\t<\/div>\n\t\t\t<\/div>\n\t\t<\/div>\n\t\t\t\t<div class=\"elementor-element elementor-element-f736d85 elementor-column elementor-col-50 elementor-top-column\" data-id=\"f736d85\" data-element_type=\"column\">\n\t\t\t<div class=\"elementor-column-wrap  elementor-element-populated\">\n\t\t\t\t\t<div class=\"elementor-widget-wrap\">\n\t\t\t\t<div class=\"elementor-element elementor-element-1d13383 elementor-widget elementor-widget-text-editor\" data-id=\"1d13383\" data-element_type=\"widget\" data-widget_type=\"text-editor.default\">\n\t\t\t\t<div class=\"elementor-widget-container\">\n\t\t\t\t\t<div class=\"elementor-text-editor elementor-clearfix\"><p>\u00a0<\/p><p>\u00a0<\/p><p>\u00a0<\/p><p>\u00a0<\/p><\/div>\n\t\t\t\t<\/div>\n\t\t\t\t<\/div>\n\t\t\t\t<div class=\"elementor-element elementor-element-cd99ab3 elementor-widget elementor-widget-image\" data-id=\"cd99ab3\" data-element_type=\"widget\" data-widget_type=\"image.default\">\n\t\t\t\t<div class=\"elementor-widget-container\">\n\t\t\t\t\t<div class=\"elementor-image\">\n\t\t\t\t\t\t\t\t\t\t<img width=\"250\" height=\"230\" src=\"https:\/\/www.compostelle-mayenne.fr\/wp-content\/uploads\/2023\/03\/logo-plus-epais-dans-cercle-1-e1776252912877.jpg\" class=\"attachment-large size-large\" alt=\"\" loading=\"lazy\" \/>\t\t\t\t\t\t\t\t\t\t\t<\/div>\n\t\t\t\t<\/div>\n\t\t\t\t<\/div>\n\t\t\t\t\t\t<\/div>\n\t\t\t<\/div>\n\t\t<\/div>\n\t\t\t\t\t\t<\/div>\n\t\t\t<\/div>\n\t\t<\/section>\n\t\t\t\t<section class=\"elementor-element elementor-element-930b651 elementor-section-stretched elementor-section-boxed elementor-section-height-default elementor-section-height-default elementor-section elementor-top-section\" data-id=\"930b651\" data-element_type=\"section\" data-settings=\"{&quot;stretch_section&quot;:&quot;section-stretched&quot;}\">\n\t\t\t\t\t\t<div class=\"elementor-container elementor-column-gap-default\">\n\t\t\t\t<div class=\"elementor-row\">\n\t\t\t\t<div class=\"elementor-element elementor-element-f75a255 elementor-column elementor-col-100 elementor-top-column\" data-id=\"f75a255\" data-element_type=\"column\">\n\t\t\t<div class=\"elementor-column-wrap  elementor-element-populated\">\n\t\t\t\t\t<div class=\"elementor-widget-wrap\">\n\t\t\t\t<div class=\"elementor-element elementor-element-f5ac9f2 elementor-widget elementor-widget-image\" data-id=\"f5ac9f2\" data-element_type=\"widget\" data-widget_type=\"image.default\">\n\t\t\t\t<div class=\"elementor-widget-container\">\n\t\t\t\t\t<div class=\"elementor-image\">\n\t\t\t\t\t\t\t\t\t\t\t<a href=\"http:\/\/www.compostelle-mayenne.fr\/index.php\/qui-sommes-nous\/\">\n\t\t\t\t\t\t\t<img src=\"https:\/\/www.compostelle-mayenne.fr\/wp-content\/uploads\/2022\/02\/Haut-de-page-e1768293316359.jpg\" title=\"Haut de page\" alt=\"Haut de page\" \/>\t\t\t\t\t\t\t\t<\/a>\n\t\t\t\t\t\t\t\t\t\t\t<\/div>\n\t\t\t\t<\/div>\n\t\t\t\t<\/div>\n\t\t\t\t\t\t<\/div>\n\t\t\t<\/div>\n\t\t<\/div>\n\t\t\t\t\t\t<\/div>\n\t\t\t<\/div>\n\t\t<\/section>\n\t\t\t\t\t\t<\/div>\n\t\t\t<\/div>\n\t\t<\/div>\n\t\t","protected":false},"excerpt":{"rendered":"<p>\u00a0Ch\u00e8res adh\u00e9rentes , Chers adh\u00e9rents,\u00a0Premier grand rendez-vous de l\u2019ann\u00e9e, c&rsquo;est \u00e0 la maison des randonneurs, aux Bizeuls que nous nous sommes retrouv\u00e9s pour notre assembl\u00e9e g\u00e9n\u00e9rale annuelle,\u00a0 le 14 f\u00e9vrier 2026 \u00e0 14 h \u00e0 Ern\u00e9e,\u00a0l\u2019occasion de faire le bilan de l\u2019ann\u00e9e \u00e9coul\u00e9e, de vous pr\u00e9senter nos projets.\u00a0Le th\u00e8me de cette ann\u00e9e : Naissance et [&hellip;]<\/p>\n","protected":false},"author":1,"featured_media":0,"parent":0,"menu_order":0,"comment_status":"closed","ping_status":"closed","template":"","meta":[],"_links":{"self":[{"href":"https:\/\/www.compostelle-mayenne.fr\/index.php\/wp-json\/wp\/v2\/pages\/1880"}],"collection":[{"href":"https:\/\/www.compostelle-mayenne.fr\/index.php\/wp-json\/wp\/v2\/pages"}],"about":[{"href":"https:\/\/www.compostelle-mayenne.fr\/index.php\/wp-json\/wp\/v2\/types\/page"}],"author":[{"embeddable":true,"href":"https:\/\/www.compostelle-mayenne.fr\/index.php\/wp-json\/wp\/v2\/users\/1"}],"replies":[{"embeddable":true,"href":"https:\/\/www.compostelle-mayenne.fr\/index.php\/wp-json\/wp\/v2\/comments?post=1880"}],"version-history":[{"count":87,"href":"https:\/\/www.compostelle-mayenne.fr\/index.php\/wp-json\/wp\/v2\/pages\/1880\/revisions"}],"predecessor-version":[{"id":13722,"href":"https:\/\/www.compostelle-mayenne.fr\/index.php\/wp-json\/wp\/v2\/pages\/1880\/revisions\/13722"}],"wp:attachment":[{"href":"https:\/\/www.compostelle-mayenne.fr\/index.php\/wp-json\/wp\/v2\/media?parent=1880"}],"curies":[{"name":"wp","href":"https:\/\/api.w.org\/{rel}","templated":true}]}}