{"id":3626,"date":"2020-10-24T15:46:27","date_gmt":"2020-10-24T13:46:27","guid":{"rendered":"http:\/\/www.compostelle-mayenne.fr\/?page_id=3626"},"modified":"2026-05-11T13:44:45","modified_gmt":"2026-05-11T11:44:45","slug":"hebergement","status":"publish","type":"page","link":"https:\/\/www.compostelle-mayenne.fr\/index.php\/hebergement\/","title":{"rendered":"H\u00e9bergements en Mayenne"},"content":{"rendered":"\t\t<div data-elementor-type=\"wp-page\" data-elementor-id=\"3626\" class=\"elementor elementor-3626\" data-elementor-settings=\"[]\">\n\t\t\t<div class=\"elementor-inner\">\n\t\t\t\t<div class=\"elementor-section-wrap\">\n\t\t\t\t\t\t\t<section class=\"elementor-element elementor-element-26e5b1e elementor-section-stretched elementor-section-boxed elementor-section-height-default elementor-section-height-default elementor-section elementor-top-section\" data-id=\"26e5b1e\" data-element_type=\"section\" data-settings=\"{&quot;stretch_section&quot;:&quot;section-stretched&quot;}\">\n\t\t\t\t\t\t<div class=\"elementor-container elementor-column-gap-default\">\n\t\t\t\t<div class=\"elementor-row\">\n\t\t\t\t<div class=\"elementor-element elementor-element-fdedef6 elementor-column elementor-col-50 elementor-top-column\" data-id=\"fdedef6\" data-element_type=\"column\">\n\t\t\t<div class=\"elementor-column-wrap  elementor-element-populated\">\n\t\t\t\t\t<div class=\"elementor-widget-wrap\">\n\t\t\t\t<div class=\"elementor-element elementor-element-9f303c1 elementor-widget elementor-widget-text-editor\" data-id=\"9f303c1\" data-element_type=\"widget\" data-widget_type=\"text-editor.default\">\n\t\t\t\t<div class=\"elementor-widget-container\">\n\t\t\t\t\t<div class=\"elementor-text-editor elementor-clearfix\"><p>L\u2019association Compostelle 53 &amp; AC f\u00e9d\u00e8re un r\u00e9seau de <u><a href=\"http:\/\/www.compostelle-mayenne.fr\/index.php\/commission-hebergement\/\" target=\"_blank\" rel=\"noopener\">familles d\u2019accueil p\u00e8lerin<\/a><\/u>. Elles seront heureuses de vous accueillir. Sont recens\u00e9s \u00e9galement les h\u00e9bergements religieux ainsi que ceux propos\u00e9s par les communes le long des chemins de p\u00e8lerinage qui traversent la Mayenne.<\/p>\n<p>En Mayenne, vous trouverez de nombreuses possibilit\u00e9s d\u2019h\u00e9bergements : chambres d\u2019h\u00f4tes, h\u00f4tellerie, locations de chalets en camping. Les Offices de Tourisme Mayennais ont recens\u00e9 l\u2019offre d\u2019h\u00e9bergement touristique (recherche par commune, type d\u2019h\u00e9bergement) \u00a0:<\/p><\/div>\n\t\t\t\t<\/div>\n\t\t\t\t<\/div>\n\t\t\t\t\t\t<\/div>\n\t\t\t<\/div>\n\t\t<\/div>\n\t\t\t\t<div class=\"elementor-element elementor-element-6b4eec3 elementor-column elementor-col-50 elementor-top-column\" data-id=\"6b4eec3\" data-element_type=\"column\">\n\t\t\t<div class=\"elementor-column-wrap  elementor-element-populated\">\n\t\t\t\t\t<div class=\"elementor-widget-wrap\">\n\t\t\t\t<div class=\"elementor-element elementor-element-b1ce246 elementor-widget elementor-widget-image\" data-id=\"b1ce246\" data-element_type=\"widget\" data-widget_type=\"image.default\">\n\t\t\t\t<div class=\"elementor-widget-container\">\n\t\t\t\t\t<div class=\"elementor-image\">\n\t\t\t\t\t\t\t\t\t\t\t<a href=\"http:\/\/www.compostelle-mayenne.fr\/wp-content\/uploads\/2026\/04\/Carte-interactive-au-2026-04-29.pdf\" target=\"_blank\">\n\t\t\t\t\t\t\t<img width=\"281\" height=\"300\" src=\"https:\/\/www.compostelle-mayenne.fr\/wp-content\/uploads\/2023\/12\/Carte-mayenne-avec-les-hebergements-au-2023-septembre-18-281x300.jpg\" class=\"attachment-medium size-medium\" alt=\"\" loading=\"lazy\" srcset=\"https:\/\/www.compostelle-mayenne.fr\/wp-content\/uploads\/2023\/12\/Carte-mayenne-avec-les-hebergements-au-2023-septembre-18-281x300.jpg 281w, https:\/\/www.compostelle-mayenne.fr\/wp-content\/uploads\/2023\/12\/Carte-mayenne-avec-les-hebergements-au-2023-septembre-18-961x1024.jpg 961w, https:\/\/www.compostelle-mayenne.fr\/wp-content\/uploads\/2023\/12\/Carte-mayenne-avec-les-hebergements-au-2023-septembre-18-768x819.jpg 768w, https:\/\/www.compostelle-mayenne.fr\/wp-content\/uploads\/2023\/12\/Carte-mayenne-avec-les-hebergements-au-2023-septembre-18-1441x1536.jpg 1441w, https:\/\/www.compostelle-mayenne.fr\/wp-content\/uploads\/2023\/12\/Carte-mayenne-avec-les-hebergements-au-2023-septembre-18-1921x2048.jpg 1921w, https:\/\/www.compostelle-mayenne.fr\/wp-content\/uploads\/2023\/12\/Carte-mayenne-avec-les-hebergements-au-2023-septembre-18.jpg 1986w\" sizes=\"(max-width: 281px) 100vw, 281px\" \/>\t\t\t\t\t\t\t\t<\/a>\n\t\t\t\t\t\t\t\t\t\t\t<\/div>\n\t\t\t\t<\/div>\n\t\t\t\t<\/div>\n\t\t\t\t<div class=\"elementor-element elementor-element-95639f6 elementor-widget elementor-widget-text-editor\" data-id=\"95639f6\" data-element_type=\"widget\" data-widget_type=\"text-editor.default\">\n\t\t\t\t<div class=\"elementor-widget-container\">\n\t\t\t\t\t<div class=\"elementor-text-editor elementor-clearfix\"><p style=\"text-align: center;\">Cliquez sur la<a href=\"http:\/\/www.compostelle-mayenne.fr\/wp-content\/uploads\/2026\/04\/Carte-interactive-au-2026-04-29.pdf\" target=\"_blank\" rel=\"noopener\"><em><strong> carte interactive<\/strong><\/em><\/a> pour l&rsquo;agrandir<\/p><\/div>\n\t\t\t\t<\/div>\n\t\t\t\t<\/div>\n\t\t\t\t\t\t<\/div>\n\t\t\t<\/div>\n\t\t<\/div>\n\t\t\t\t\t\t<\/div>\n\t\t\t<\/div>\n\t\t<\/section>\n\t\t\t\t<section class=\"elementor-element elementor-element-1362453 elementor-section-stretched elementor-section-boxed elementor-section-height-default elementor-section-height-default elementor-section elementor-top-section\" data-id=\"1362453\" data-element_type=\"section\" data-settings=\"{&quot;stretch_section&quot;:&quot;section-stretched&quot;}\">\n\t\t\t\t\t\t<div class=\"elementor-container elementor-column-gap-default\">\n\t\t\t\t<div class=\"elementor-row\">\n\t\t\t\t<div class=\"elementor-element elementor-element-5f06b11 elementor-column elementor-col-33 elementor-top-column\" data-id=\"5f06b11\" data-element_type=\"column\">\n\t\t\t<div class=\"elementor-column-wrap  elementor-element-populated\">\n\t\t\t\t\t<div class=\"elementor-widget-wrap\">\n\t\t\t\t<div class=\"elementor-element elementor-element-551a4c8 elementor-widget elementor-widget-text-editor\" data-id=\"551a4c8\" data-element_type=\"widget\" data-widget_type=\"text-editor.default\">\n\t\t\t\t<div class=\"elementor-widget-container\">\n\t\t\t\t\t<div class=\"elementor-text-editor elementor-clearfix\"><ul>\n<li><span style=\"color: #993300;\"><em><a style=\"color: #993300;\" href=\"https:\/\/www.mayenne-tourisme.com\/les-vallees-de-la-mayenne\/la-haute-mayenne\/\" target=\"_blank\" rel=\"noopener\"><span style=\"text-decoration: underline;\">Nord Mayenne-tourisme<\/span><\/a><\/em><\/span><\/li>\n<li><span style=\"color: #993300;\"><em><span style=\"text-decoration: underline;\"><a style=\"color: #993300; text-decoration: underline;\" href=\"https:\/\/www.coevrons-tourisme.com\/\" target=\"_blank\" rel=\"noopener\">Coevrons-tourisme <\/a><\/span><\/em><\/span><\/li>\n<li><span style=\"text-decoration: underline; color: #993300;\"><em><a style=\"color: #993300; text-decoration: underline;\" href=\"http:\/\/www.laval-tourisme.com\/votre-sejour\/ou-dormir\" target=\"_blank\" rel=\"noopener\">Laval-tourisme <\/a><\/em><\/span><\/li>\n<li><span style=\"text-decoration: underline; color: #993300;\"><em><a style=\"color: #993300; text-decoration: underline;\" href=\"http:\/\/www.sudmayenne.com\/preparer\/ou-dormir\" target=\"_blank\" rel=\"noopener\">Sud Mayenne- tourisme<\/a><\/em><\/span><\/li>\n<\/ul><\/div>\n\t\t\t\t<\/div>\n\t\t\t\t<\/div>\n\t\t\t\t\t\t<\/div>\n\t\t\t<\/div>\n\t\t<\/div>\n\t\t\t\t<div class=\"elementor-element elementor-element-d2fc3d3 elementor-column elementor-col-33 elementor-top-column\" data-id=\"d2fc3d3\" data-element_type=\"column\">\n\t\t\t<div class=\"elementor-column-wrap\">\n\t\t\t\t\t<div class=\"elementor-widget-wrap\">\n\t\t\t\t\t\t<\/div>\n\t\t\t<\/div>\n\t\t<\/div>\n\t\t\t\t<div class=\"elementor-element elementor-element-ef0f24c elementor-column elementor-col-33 elementor-top-column\" data-id=\"ef0f24c\" data-element_type=\"column\">\n\t\t\t<div class=\"elementor-column-wrap  elementor-element-populated\">\n\t\t\t\t\t<div class=\"elementor-widget-wrap\">\n\t\t\t\t<div class=\"elementor-element elementor-element-cc8d92f elementor-widget elementor-widget-text-editor\" data-id=\"cc8d92f\" data-element_type=\"widget\" data-widget_type=\"text-editor.default\">\n\t\t\t\t<div class=\"elementor-widget-container\">\n\t\t\t\t\t<div class=\"elementor-text-editor elementor-clearfix\"><p style=\"text-align: center;\">Cliquez <a href=\"http:\/\/www.compostelle-mayenne.fr\/wp-content\/uploads\/2026\/05\/Liste-Alphabetique-des-Hebergements-AU-11.05.2026.pdf\" target=\"_blank\" rel=\"noopener\"><span style=\"text-decoration: underline;\">ICI<\/span><\/a> pour obtenir la liste alphab\u00e9tique par commune<\/p><p style=\"text-align: center;\">des familles d&rsquo;accueil et assimil\u00e9s en Mayenne.<\/p><\/div>\n\t\t\t\t<\/div>\n\t\t\t\t<\/div>\n\t\t\t\t\t\t<\/div>\n\t\t\t<\/div>\n\t\t<\/div>\n\t\t\t\t\t\t<\/div>\n\t\t\t<\/div>\n\t\t<\/section>\n\t\t\t\t<section class=\"elementor-element elementor-element-e649fc2 elementor-section-stretched elementor-section-boxed elementor-section-height-default elementor-section-height-default elementor-section elementor-top-section\" data-id=\"e649fc2\" data-element_type=\"section\" data-settings=\"{&quot;stretch_section&quot;:&quot;section-stretched&quot;}\">\n\t\t\t\t\t\t<div class=\"elementor-container elementor-column-gap-default\">\n\t\t\t\t<div class=\"elementor-row\">\n\t\t\t\t<div class=\"elementor-element elementor-element-b7bc894 elementor-column elementor-col-33 elementor-top-column\" data-id=\"b7bc894\" data-element_type=\"column\">\n\t\t\t<div class=\"elementor-column-wrap  elementor-element-populated\">\n\t\t\t\t\t<div class=\"elementor-widget-wrap\">\n\t\t\t\t<div class=\"elementor-element elementor-element-ace590d elementor-widget elementor-widget-button\" data-id=\"ace590d\" data-element_type=\"widget\" data-widget_type=\"button.default\">\n\t\t\t\t<div class=\"elementor-widget-container\">\n\t\t\t\t\t<div class=\"elementor-button-wrapper\">\n\t\t\t<a href=\"http:\/\/www.compostelle-mayenne.fr\/wp-content\/uploads\/2026\/05\/Chemin-dAngers-SUD-NORD-au-11.05.2026.pdf\" target=\"_blank\" class=\"elementor-button-link elementor-button elementor-size-lg elementor-animation-shrink\" role=\"button\">\n\t\t\t\t\t\t<span class=\"elementor-button-content-wrapper\">\n\t\t\t\t\t\t<span class=\"elementor-button-text\">CHEMIN D'ANGERS Sud - Nord  H\u00e9bergements - Compostelle\/ Pontmain \/Mont-Saint-Michel <\/span>\n\t\t<\/span>\n\t\t\t\t\t<\/a>\n\t\t<\/div>\n\t\t\t\t<\/div>\n\t\t\t\t<\/div>\n\t\t\t\t\t\t<\/div>\n\t\t\t<\/div>\n\t\t<\/div>\n\t\t\t\t<div class=\"elementor-element elementor-element-9891727 elementor-column elementor-col-33 elementor-top-column\" data-id=\"9891727\" data-element_type=\"column\">\n\t\t\t<div class=\"elementor-column-wrap  elementor-element-populated\">\n\t\t\t\t\t<div class=\"elementor-widget-wrap\">\n\t\t\t\t<div class=\"elementor-element elementor-element-0cc2ef3 elementor-widget elementor-widget-button\" data-id=\"0cc2ef3\" data-element_type=\"widget\" data-widget_type=\"button.default\">\n\t\t\t\t<div class=\"elementor-widget-container\">\n\t\t\t\t\t<div class=\"elementor-button-wrapper\">\n\t\t\t<a href=\"http:\/\/www.compostelle-mayenne.fr\/wp-content\/uploads\/2025\/01\/Hebergements-Voie-Nord-23.05.2023.pdf\" target=\"_blank\" class=\"elementor-button-link elementor-button elementor-size-lg\" role=\"button\">\n\t\t\t\t\t\t<span class=\"elementor-button-content-wrapper\">\n\t\t\t\t\t\t<span class=\"elementor-button-text\">H\u00e9bergement sur la \"Voie Nord\" (Chartres\/Le Mans - Mont-St-Michel par Pr\u00e9-en-Pail) <\/span>\n\t\t<\/span>\n\t\t\t\t\t<\/a>\n\t\t<\/div>\n\t\t\t\t<\/div>\n\t\t\t\t<\/div>\n\t\t\t\t\t\t<\/div>\n\t\t\t<\/div>\n\t\t<\/div>\n\t\t\t\t<div class=\"elementor-element elementor-element-80a860e elementor-column elementor-col-33 elementor-top-column\" data-id=\"80a860e\" data-element_type=\"column\">\n\t\t\t<div class=\"elementor-column-wrap  elementor-element-populated\">\n\t\t\t\t\t<div class=\"elementor-widget-wrap\">\n\t\t\t\t<div class=\"elementor-element elementor-element-adab478 elementor-widget elementor-widget-button\" data-id=\"adab478\" data-element_type=\"widget\" data-widget_type=\"button.default\">\n\t\t\t\t<div class=\"elementor-widget-container\">\n\t\t\t\t\t<div class=\"elementor-button-wrapper\">\n\t\t\t<a href=\"http:\/\/www.compostelle-mayenne.fr\/wp-content\/uploads\/2026\/04\/Chemin-de-Tours-Est-Ouest-au-11.04.2026.pdf\" target=\"_blank\" class=\"elementor-button-link elementor-button elementor-size-lg elementor-animation-shrink\" role=\"button\">\n\t\t\t\t\t\t<span class=\"elementor-button-content-wrapper\">\n\t\t\t\t\t\t<span class=\"elementor-button-text\">CHEMIN DE TOURS  Est_Ouest   H\u00e9bergements - Via Sancti Martini \/ Compostelle\/Mont-Saint-Michel <\/span>\n\t\t<\/span>\n\t\t\t\t\t<\/a>\n\t\t<\/div>\n\t\t\t\t<\/div>\n\t\t\t\t<\/div>\n\t\t\t\t\t\t<\/div>\n\t\t\t<\/div>\n\t\t<\/div>\n\t\t\t\t\t\t<\/div>\n\t\t\t<\/div>\n\t\t<\/section>\n\t\t\t\t<section class=\"elementor-element elementor-element-68e5331 elementor-section-stretched elementor-section-boxed elementor-section-height-default elementor-section-height-default elementor-section elementor-top-section\" data-id=\"68e5331\" data-element_type=\"section\" data-settings=\"{&quot;stretch_section&quot;:&quot;section-stretched&quot;}\">\n\t\t\t\t\t\t<div class=\"elementor-container elementor-column-gap-default\">\n\t\t\t\t<div class=\"elementor-row\">\n\t\t\t\t<div class=\"elementor-element elementor-element-9934389 elementor-column elementor-col-25 elementor-top-column\" data-id=\"9934389\" data-element_type=\"column\">\n\t\t\t<div class=\"elementor-column-wrap\">\n\t\t\t\t\t<div class=\"elementor-widget-wrap\">\n\t\t\t\t\t\t<\/div>\n\t\t\t<\/div>\n\t\t<\/div>\n\t\t\t\t<div class=\"elementor-element elementor-element-ac163eb elementor-column elementor-col-25 elementor-top-column\" data-id=\"ac163eb\" data-element_type=\"column\">\n\t\t\t<div class=\"elementor-column-wrap  elementor-element-populated\">\n\t\t\t\t\t<div class=\"elementor-widget-wrap\">\n\t\t\t\t<div class=\"elementor-element elementor-element-6d53edc elementor-widget elementor-widget-text-editor\" data-id=\"6d53edc\" data-element_type=\"widget\" data-widget_type=\"text-editor.default\">\n\t\t\t\t<div class=\"elementor-widget-container\">\n\t\t\t\t\t<div class=\"elementor-text-editor elementor-clearfix\"><p>Sur votre chemin en Mayenne vous avez besoin d&rsquo;eau potable, rien de plus simple : \u00a0Il vous suffit de <strong>rep\u00e9rer le macaron<\/strong> appos\u00e9 sur la devanture des professionnels du tourisme mayennais, ou plac\u00e9 \u00e0 proximit\u00e9 du point d\u2019eau en acc\u00e8s libre <a href=\"https:\/\/www.mayenne-tourisme.com\/pratique\/maygourde53\/\" target=\"_blank\" rel=\"noopener\" data-wplink-edit=\"true\"><strong>r\u00e9f\u00e9renc\u00e9s sur la carte interactive.<\/strong><\/a><\/p><\/div>\n\t\t\t\t<\/div>\n\t\t\t\t<\/div>\n\t\t\t\t\t\t<\/div>\n\t\t\t<\/div>\n\t\t<\/div>\n\t\t\t\t<div class=\"elementor-element elementor-element-2d77843 elementor-column elementor-col-25 elementor-top-column\" data-id=\"2d77843\" data-element_type=\"column\">\n\t\t\t<div class=\"elementor-column-wrap  elementor-element-populated\">\n\t\t\t\t\t<div class=\"elementor-widget-wrap\">\n\t\t\t\t<div class=\"elementor-element elementor-element-b276e16 elementor-widget elementor-widget-image\" data-id=\"b276e16\" data-element_type=\"widget\" data-widget_type=\"image.default\">\n\t\t\t\t<div class=\"elementor-widget-container\">\n\t\t\t\t\t<div class=\"elementor-image\">\n\t\t\t\t\t\t\t\t\t\t\t<a href=\"https:\/\/www.mayenne-tourisme.com\/pratique\/maygourde53\/\" target=\"_blank\">\n\t\t\t\t\t\t\t<img src=\"https:\/\/www.compostelle-mayenne.fr\/wp-content\/uploads\/2023\/06\/MayGourde-e1775046486343.jpg\" title=\"May&rsquo;Gourde\" alt=\"May'Gourde\" \/>\t\t\t\t\t\t\t\t<\/a>\n\t\t\t\t\t\t\t\t\t\t\t<\/div>\n\t\t\t\t<\/div>\n\t\t\t\t<\/div>\n\t\t\t\t\t\t<\/div>\n\t\t\t<\/div>\n\t\t<\/div>\n\t\t\t\t<div class=\"elementor-element elementor-element-655853c elementor-column elementor-col-25 elementor-top-column\" data-id=\"655853c\" data-element_type=\"column\">\n\t\t\t<div class=\"elementor-column-wrap\">\n\t\t\t\t\t<div class=\"elementor-widget-wrap\">\n\t\t\t\t\t\t<\/div>\n\t\t\t<\/div>\n\t\t<\/div>\n\t\t\t\t\t\t<\/div>\n\t\t\t<\/div>\n\t\t<\/section>\n\t\t\t\t<section class=\"elementor-element elementor-element-be2fa15 elementor-section-stretched elementor-section-boxed elementor-section-height-default elementor-section-height-default elementor-section elementor-top-section\" data-id=\"be2fa15\" data-element_type=\"section\" data-settings=\"{&quot;stretch_section&quot;:&quot;section-stretched&quot;}\">\n\t\t\t\t\t\t<div class=\"elementor-container elementor-column-gap-default\">\n\t\t\t\t<div class=\"elementor-row\">\n\t\t\t\t<div class=\"elementor-element elementor-element-33429e1 elementor-column elementor-col-100 elementor-top-column\" data-id=\"33429e1\" data-element_type=\"column\">\n\t\t\t<div class=\"elementor-column-wrap  elementor-element-populated\">\n\t\t\t\t\t<div class=\"elementor-widget-wrap\">\n\t\t\t\t<div class=\"elementor-element elementor-element-82245c4 elementor-widget elementor-widget-text-editor\" data-id=\"82245c4\" data-element_type=\"widget\" data-widget_type=\"text-editor.default\">\n\t\t\t\t<div class=\"elementor-widget-container\">\n\t\t\t\t\t<div class=\"elementor-text-editor elementor-clearfix\"><p>Vous souhaitez \u00eatre h\u00e9berg\u00e9(e) en famille d\u2019accueil p\u00e8lerin : nous vous demandons de v\u00e9rifier si vous partagez l\u2019\u00e9tat d\u2019esprit et acceptez les conditions de l\u2019accueil p\u00e8lerin pour vivre sereinement la rencontre, en accord avec notre<\/p><p style=\"text-align: center;\"><a href=\"https:\/\/www.compostelle-mayenne.fr\/wp-content\/uploads\/2026\/01\/CHARTE-DU-PELERIN-ACCUEILLI-01.2026.pdf\" target=\"_blank\" rel=\"noopener\"><span style=\"text-decoration: underline;\"><b>Charte du p\u00e8lerin accueilli<\/b><\/span><\/a> :<\/p><\/div>\n\t\t\t\t<\/div>\n\t\t\t\t<\/div>\n\t\t\t\t\t\t<\/div>\n\t\t\t<\/div>\n\t\t<\/div>\n\t\t\t\t\t\t<\/div>\n\t\t\t<\/div>\n\t\t<\/section>\n\t\t\t\t<section class=\"elementor-element elementor-element-40f05b0 elementor-section-stretched elementor-section-boxed elementor-section-height-default elementor-section-height-default elementor-section elementor-top-section\" data-id=\"40f05b0\" data-element_type=\"section\" data-settings=\"{&quot;stretch_section&quot;:&quot;section-stretched&quot;}\">\n\t\t\t\t\t\t<div class=\"elementor-container elementor-column-gap-default\">\n\t\t\t\t<div class=\"elementor-row\">\n\t\t\t\t<div class=\"elementor-element elementor-element-b9664f8 elementor-column elementor-col-25 elementor-top-column\" data-id=\"b9664f8\" data-element_type=\"column\">\n\t\t\t<div class=\"elementor-column-wrap\">\n\t\t\t\t\t<div class=\"elementor-widget-wrap\">\n\t\t\t\t\t\t<\/div>\n\t\t\t<\/div>\n\t\t<\/div>\n\t\t\t\t<div class=\"elementor-element elementor-element-c4cf9c7 elementor-column elementor-col-25 elementor-top-column\" data-id=\"c4cf9c7\" data-element_type=\"column\">\n\t\t\t<div class=\"elementor-column-wrap  elementor-element-populated\">\n\t\t\t\t\t<div class=\"elementor-widget-wrap\">\n\t\t\t\t<div class=\"elementor-element elementor-element-22e866d elementor-widget elementor-widget-image\" data-id=\"22e866d\" data-element_type=\"widget\" data-widget_type=\"image.default\">\n\t\t\t\t<div class=\"elementor-widget-container\">\n\t\t\t\t\t<div class=\"elementor-image\">\n\t\t\t\t\t\t\t\t\t\t\t<a href=\"http:\/\/www.compostelle-mayenne.fr\/index.php\/hebergement\/\">\n\t\t\t\t\t\t\t<img src=\"https:\/\/www.compostelle-mayenne.fr\/wp-content\/uploads\/2022\/02\/Haut-de-page-e1768293316359.jpg\" title=\"Haut de page\" alt=\"Haut de page\" class=\"elementor-animation-pulse-grow\" \/>\t\t\t\t\t\t\t\t<\/a>\n\t\t\t\t\t\t\t\t\t\t\t<\/div>\n\t\t\t\t<\/div>\n\t\t\t\t<\/div>\n\t\t\t\t\t\t<\/div>\n\t\t\t<\/div>\n\t\t<\/div>\n\t\t\t\t<div class=\"elementor-element elementor-element-7318381 elementor-column elementor-col-25 elementor-top-column\" data-id=\"7318381\" data-element_type=\"column\">\n\t\t\t<div class=\"elementor-column-wrap  elementor-element-populated\">\n\t\t\t\t\t<div class=\"elementor-widget-wrap\">\n\t\t\t\t<div class=\"elementor-element elementor-element-2032c67 elementor-widget elementor-widget-image\" data-id=\"2032c67\" data-element_type=\"widget\" data-widget_type=\"image.default\">\n\t\t\t\t<div class=\"elementor-widget-container\">\n\t\t\t\t\t<div class=\"elementor-image\">\n\t\t\t\t\t\t\t\t\t\t\t<a href=\"http:\/\/www.compostelle-mayenne.fr\/index.php\/rejoindre-son-grand-chemin-depuis-la-mayenne\/\">\n\t\t\t\t\t\t\t<img width=\"300\" height=\"163\" src=\"https:\/\/www.compostelle-mayenne.fr\/wp-content\/uploads\/2022\/02\/Rejoindre-les-chemins-300x163.jpg\" class=\"elementor-animation-pulse-grow attachment-medium size-medium\" alt=\"\" loading=\"lazy\" srcset=\"https:\/\/www.compostelle-mayenne.fr\/wp-content\/uploads\/2022\/02\/Rejoindre-les-chemins-300x163.jpg 300w, https:\/\/www.compostelle-mayenne.fr\/wp-content\/uploads\/2022\/02\/Rejoindre-les-chemins.jpg 475w\" sizes=\"(max-width: 300px) 100vw, 300px\" \/>\t\t\t\t\t\t\t\t<\/a>\n\t\t\t\t\t\t\t\t\t\t\t<\/div>\n\t\t\t\t<\/div>\n\t\t\t\t<\/div>\n\t\t\t\t\t\t<\/div>\n\t\t\t<\/div>\n\t\t<\/div>\n\t\t\t\t<div class=\"elementor-element elementor-element-6edc7db elementor-column elementor-col-25 elementor-top-column\" data-id=\"6edc7db\" data-element_type=\"column\">\n\t\t\t<div class=\"elementor-column-wrap\">\n\t\t\t\t\t<div class=\"elementor-widget-wrap\">\n\t\t\t\t\t\t<\/div>\n\t\t\t<\/div>\n\t\t<\/div>\n\t\t\t\t\t\t<\/div>\n\t\t\t<\/div>\n\t\t<\/section>\n\t\t\t\t\t\t<\/div>\n\t\t\t<\/div>\n\t\t<\/div>\n\t\t","protected":false},"excerpt":{"rendered":"<p>L\u2019association Compostelle 53 &amp; AC f\u00e9d\u00e8re un r\u00e9seau de familles d\u2019accueil p\u00e8lerin. Elles seront heureuses de vous accueillir. Sont recens\u00e9s \u00e9galement les h\u00e9bergements religieux ainsi que ceux propos\u00e9s par les communes le long des chemins de p\u00e8lerinage qui traversent la Mayenne. En Mayenne, vous trouverez de nombreuses possibilit\u00e9s d\u2019h\u00e9bergements : chambres d\u2019h\u00f4tes, h\u00f4tellerie, locations de [&hellip;]<\/p>\n","protected":false},"author":1,"featured_media":0,"parent":0,"menu_order":0,"comment_status":"closed","ping_status":"closed","template":"","meta":[],"_links":{"self":[{"href":"https:\/\/www.compostelle-mayenne.fr\/index.php\/wp-json\/wp\/v2\/pages\/3626"}],"collection":[{"href":"https:\/\/www.compostelle-mayenne.fr\/index.php\/wp-json\/wp\/v2\/pages"}],"about":[{"href":"https:\/\/www.compostelle-mayenne.fr\/index.php\/wp-json\/wp\/v2\/types\/page"}],"author":[{"embeddable":true,"href":"https:\/\/www.compostelle-mayenne.fr\/index.php\/wp-json\/wp\/v2\/users\/1"}],"replies":[{"embeddable":true,"href":"https:\/\/www.compostelle-mayenne.fr\/index.php\/wp-json\/wp\/v2\/comments?post=3626"}],"version-history":[{"count":373,"href":"https:\/\/www.compostelle-mayenne.fr\/index.php\/wp-json\/wp\/v2\/pages\/3626\/revisions"}],"predecessor-version":[{"id":14133,"href":"https:\/\/www.compostelle-mayenne.fr\/index.php\/wp-json\/wp\/v2\/pages\/3626\/revisions\/14133"}],"wp:attachment":[{"href":"https:\/\/www.compostelle-mayenne.fr\/index.php\/wp-json\/wp\/v2\/media?parent=3626"}],"curies":[{"name":"wp","href":"https:\/\/api.w.org\/{rel}","templated":true}]}}