{"id":5041,"date":"2021-02-14T14:46:26","date_gmt":"2021-02-14T13:46:26","guid":{"rendered":"http:\/\/www.compostelle-mayenne.fr\/?page_id=5041"},"modified":"2026-01-13T09:34:09","modified_gmt":"2026-01-13T08:34:09","slug":"chemin-francigena","status":"publish","type":"page","link":"https:\/\/www.compostelle-mayenne.fr\/index.php\/chemin-francigena\/","title":{"rendered":"Chemin Francigena"},"content":{"rendered":"\t\t<div data-elementor-type=\"wp-page\" data-elementor-id=\"5041\" class=\"elementor elementor-5041\" data-elementor-settings=\"[]\">\n\t\t\t<div class=\"elementor-inner\">\n\t\t\t\t<div class=\"elementor-section-wrap\">\n\t\t\t\t\t\t\t<section class=\"elementor-element elementor-element-8b8b000 elementor-section-stretched elementor-section-boxed elementor-section-height-default elementor-section-height-default elementor-section elementor-top-section\" data-id=\"8b8b000\" data-element_type=\"section\" data-settings=\"{&quot;stretch_section&quot;:&quot;section-stretched&quot;}\">\n\t\t\t\t\t\t<div class=\"elementor-container elementor-column-gap-default\">\n\t\t\t\t<div class=\"elementor-row\">\n\t\t\t\t<div class=\"elementor-element elementor-element-910abfa elementor-column elementor-col-33 elementor-top-column\" data-id=\"910abfa\" data-element_type=\"column\">\n\t\t\t<div class=\"elementor-column-wrap\">\n\t\t\t\t\t<div class=\"elementor-widget-wrap\">\n\t\t\t\t\t\t<\/div>\n\t\t\t<\/div>\n\t\t<\/div>\n\t\t\t\t<div class=\"elementor-element elementor-element-75035a9 elementor-column elementor-col-33 elementor-top-column\" data-id=\"75035a9\" data-element_type=\"column\">\n\t\t\t<div class=\"elementor-column-wrap  elementor-element-populated\">\n\t\t\t\t\t<div class=\"elementor-widget-wrap\">\n\t\t\t\t<div class=\"elementor-element elementor-element-9e6f000 elementor-widget elementor-widget-image\" data-id=\"9e6f000\" data-element_type=\"widget\" data-widget_type=\"image.default\">\n\t\t\t\t<div class=\"elementor-widget-container\">\n\t\t\t\t\t<div class=\"elementor-image\">\n\t\t\t\t\t\t\t\t\t\t\t<a href=\"https:\/\/www.viefrancigene.org\/fr\/home\" target=\"_blank\">\n\t\t\t\t\t\t\t<img src=\"https:\/\/www.compostelle-mayenne.fr\/wp-content\/uploads\/2022\/02\/Carte-Via-Francigena-e1768143028502.jpg\" title=\"Carte Via Francigena\" alt=\"Carte Via Francigena\" \/>\t\t\t\t\t\t\t\t<\/a>\n\t\t\t\t\t\t\t\t\t\t\t<\/div>\n\t\t\t\t<\/div>\n\t\t\t\t<\/div>\n\t\t\t\t\t\t<\/div>\n\t\t\t<\/div>\n\t\t<\/div>\n\t\t\t\t<div class=\"elementor-element elementor-element-ae2a9f6 elementor-column elementor-col-33 elementor-top-column\" data-id=\"ae2a9f6\" data-element_type=\"column\">\n\t\t\t<div class=\"elementor-column-wrap\">\n\t\t\t\t\t<div class=\"elementor-widget-wrap\">\n\t\t\t\t\t\t<\/div>\n\t\t\t<\/div>\n\t\t<\/div>\n\t\t\t\t\t\t<\/div>\n\t\t\t<\/div>\n\t\t<\/section>\n\t\t\t\t<section class=\"elementor-element elementor-element-080b9c8 elementor-section-stretched elementor-section-boxed elementor-section-height-default elementor-section-height-default elementor-section elementor-top-section\" data-id=\"080b9c8\" data-element_type=\"section\" data-settings=\"{&quot;stretch_section&quot;:&quot;section-stretched&quot;}\">\n\t\t\t\t\t\t<div class=\"elementor-container elementor-column-gap-default\">\n\t\t\t\t<div class=\"elementor-row\">\n\t\t\t\t<div class=\"elementor-element elementor-element-0aff7dd elementor-column elementor-col-25 elementor-top-column\" data-id=\"0aff7dd\" data-element_type=\"column\">\n\t\t\t<div class=\"elementor-column-wrap\">\n\t\t\t\t\t<div class=\"elementor-widget-wrap\">\n\t\t\t\t\t\t<\/div>\n\t\t\t<\/div>\n\t\t<\/div>\n\t\t\t\t<div class=\"elementor-element elementor-element-966ba0f elementor-column elementor-col-25 elementor-top-column\" data-id=\"966ba0f\" data-element_type=\"column\">\n\t\t\t<div class=\"elementor-column-wrap  elementor-element-populated\">\n\t\t\t\t\t<div class=\"elementor-widget-wrap\">\n\t\t\t\t<div class=\"elementor-element elementor-element-641acb0 elementor-widget elementor-widget-image\" data-id=\"641acb0\" data-element_type=\"widget\" data-widget_type=\"image.default\">\n\t\t\t\t<div class=\"elementor-widget-container\">\n\t\t\t\t\t<div class=\"elementor-image\">\n\t\t\t\t\t\t\t<figure class=\"wp-caption\">\n\t\t\t\t\t\t\t\t\t\t\t<a href=\"https:\/\/www.viefrancigene.org\/fr\/home\" target=\"_blank\">\n\t\t\t\t\t\t\t<img width=\"150\" height=\"150\" src=\"https:\/\/www.compostelle-mayenne.fr\/wp-content\/uploads\/2020\/02\/V.Francigena-e1762178190568-150x150.jpg\" class=\"attachment-thumbnail size-thumbnail\" alt=\"\" loading=\"lazy\" \/>\t\t\t\t\t\t\t\t<\/a>\n\t\t\t\t\t\t\t\t\t\t\t<figcaption class=\"widget-image-caption wp-caption-text\">De Canterbury \u00e0 Santa Maria di Leuca<\/figcaption>\n\t\t\t\t\t\t\t\t\t\t<\/figure>\n\t\t\t\t\t<\/div>\n\t\t\t\t<\/div>\n\t\t\t\t<\/div>\n\t\t\t\t\t\t<\/div>\n\t\t\t<\/div>\n\t\t<\/div>\n\t\t\t\t<div class=\"elementor-element elementor-element-24b109c elementor-column elementor-col-25 elementor-top-column\" data-id=\"24b109c\" data-element_type=\"column\">\n\t\t\t<div class=\"elementor-column-wrap  elementor-element-populated\">\n\t\t\t\t\t<div class=\"elementor-widget-wrap\">\n\t\t\t\t<div class=\"elementor-element elementor-element-bd8b05b elementor-widget elementor-widget-text-editor\" data-id=\"bd8b05b\" data-element_type=\"widget\" data-widget_type=\"text-editor.default\">\n\t\t\t\t<div class=\"elementor-widget-container\">\n\t\t\t\t\t<div class=\"elementor-text-editor elementor-clearfix\"><p><b>Comment rejoindre la Via Francigena depuis notre r\u00e9gion ? Par la <u><a href=\"https:\/\/www.lepelerin.com\/chemins-pelerinages\/la-via-francigena\/decouvrir-la-via-francigena\/via-ligeria-un-nouveau-chemin-relie-nantes-a-rome\/\" target=\"_blank\" rel=\"noopener\">Via Ligeria<\/a><\/u><\/b> par exemple, qui m\u00e8nera de Nantes \u00e0 la Franche-Comt\u00e9.<\/p><p>L&rsquo;itin\u00e9raire a \u00e9t\u00e9 rep\u00e9r\u00e9 et attend d\u00b4\u00eatre balis\u00e9. <a href=\"https:\/\/www.haltespelerines44.fr\/rome\"><span style=\"text-decoration: underline;\">D\u00e9tails ici.<\/span><\/a><\/p><\/div>\n\t\t\t\t<\/div>\n\t\t\t\t<\/div>\n\t\t\t\t\t\t<\/div>\n\t\t\t<\/div>\n\t\t<\/div>\n\t\t\t\t<div class=\"elementor-element elementor-element-c8e4559 elementor-column elementor-col-25 elementor-top-column\" data-id=\"c8e4559\" data-element_type=\"column\">\n\t\t\t<div class=\"elementor-column-wrap\">\n\t\t\t\t\t<div class=\"elementor-widget-wrap\">\n\t\t\t\t\t\t<\/div>\n\t\t\t<\/div>\n\t\t<\/div>\n\t\t\t\t\t\t<\/div>\n\t\t\t<\/div>\n\t\t<\/section>\n\t\t\t\t<section class=\"elementor-element elementor-element-8070218 elementor-section-stretched elementor-section-boxed elementor-section-height-default elementor-section-height-default elementor-section elementor-top-section\" data-id=\"8070218\" data-element_type=\"section\" data-settings=\"{&quot;stretch_section&quot;:&quot;section-stretched&quot;}\">\n\t\t\t\t\t\t<div class=\"elementor-container elementor-column-gap-default\">\n\t\t\t\t<div class=\"elementor-row\">\n\t\t\t\t<div class=\"elementor-element elementor-element-c32f84f elementor-column elementor-col-33 elementor-top-column\" data-id=\"c32f84f\" data-element_type=\"column\">\n\t\t\t<div class=\"elementor-column-wrap\">\n\t\t\t\t\t<div class=\"elementor-widget-wrap\">\n\t\t\t\t\t\t<\/div>\n\t\t\t<\/div>\n\t\t<\/div>\n\t\t\t\t<div class=\"elementor-element elementor-element-8bfbe79 elementor-column elementor-col-33 elementor-top-column\" data-id=\"8bfbe79\" data-element_type=\"column\">\n\t\t\t<div class=\"elementor-column-wrap  elementor-element-populated\">\n\t\t\t\t\t<div class=\"elementor-widget-wrap\">\n\t\t\t\t<div class=\"elementor-element elementor-element-415c6dd elementor-widget elementor-widget-text-editor\" data-id=\"415c6dd\" data-element_type=\"widget\" data-widget_type=\"text-editor.default\">\n\t\t\t\t<div class=\"elementor-widget-container\">\n\t\t\t\t\t<div class=\"elementor-text-editor elementor-clearfix\"><p>Itin\u00e9raire culturel du Conseil de l&rsquo;Europe depuis 1994 : itin\u00e9raire lent, d\u00e9couverte culturelle, voyage et spiritualit\u00e9.<\/p><p>Il offre une occasion unique de voyager lentement sur les traces des anciens p\u00e8lerins m\u00e9di\u00e9vaux.<\/p><p>C&rsquo;est un itin\u00e9raire qui encourage le partage du patrimoine et le dialogue interculturel.<\/p><p>L&rsquo;itin\u00e9raire de l&rsquo;actuelle Viafrancigena remonte au journal manuscrit que l&rsquo;\u00e9v\u00eaque Sig\u00e9ric de Canterbury dans le Kent au Royaume Uni a \u00e9crit lors de son voyage de retour de Rome en 990 apr\u00e8s J.C. o\u00f9 il \u00e9tait arriv\u00e9 pour obtenir le pallium \u00e9piscopal du pape Jean XV.<\/p><p>En 2019, l&rsquo;itin\u00e9raire a \u00e9t\u00e9 \u00e9tendu de Rome \u00e0 Santa Maria di Leuca dans les Pouille en Italie sur la base de l<strong>&lsquo;Itinerarium Burdigalense<\/strong> trac\u00e9 par un p\u00e8lerin anonyme en 333 apr\u00e8s J.C. pour atteindre J\u00e9rusalem.<\/p><p>Sous vos pas se d\u00e9roulent\u00a0<strong>les plus antiques routes de ces quatre beaux pays<\/strong>, us\u00e9es par le passage des p\u00e8lerins. Des routes champ\u00eatres avec circulation minimale, sans trafic, des chemins en pierre ou en herbe, \u00e0 travers de vertes prairies ponctu\u00e9es de bois fournis, des sentiers de montagne, des pics aux mille reflets, ou le long de routes blanches entre les cypr\u00e8s et \u00e0 l&rsquo;ombre des pins odorants. Les\u00a0<strong>panneaux<\/strong>\u00a0vous guideront l\u00e0 o\u00f9 toutes les routes m\u00e8nent \u00e0 Rome, o\u00f9 \u00e9mergent les pav\u00e9s m\u00e9di\u00e9vaux \u201csanpietrini\u201d : le\u00a0<strong>parcours officiel de la Via Francigena est le plus s\u00fbr, le plus facile, sans difficult\u00e9s techniques<\/strong>, \u00e9tudi\u00e9 pour \u00eatre<strong>\u00a0parcouru par tout le monde\u00a0<\/strong>et \u00e0 tous les \u00e2ges.<\/p><p>Aujourd&rsquo;hui, La Via Francigena, 3200 km, 148 \u00e9tapes \u00e0 travers 16 r\u00e9gions europ\u00e9ennes, est l&rsquo;un des itin\u00e9raires culturels les plus attrayants.<\/p><\/div>\n\t\t\t\t<\/div>\n\t\t\t\t<\/div>\n\t\t\t\t\t\t<\/div>\n\t\t\t<\/div>\n\t\t<\/div>\n\t\t\t\t<div class=\"elementor-element elementor-element-21d366d elementor-column elementor-col-33 elementor-top-column\" data-id=\"21d366d\" data-element_type=\"column\">\n\t\t\t<div class=\"elementor-column-wrap\">\n\t\t\t\t\t<div class=\"elementor-widget-wrap\">\n\t\t\t\t\t\t<\/div>\n\t\t\t<\/div>\n\t\t<\/div>\n\t\t\t\t\t\t<\/div>\n\t\t\t<\/div>\n\t\t<\/section>\n\t\t\t\t<section class=\"elementor-element elementor-element-5301dea elementor-section-stretched elementor-section-boxed elementor-section-height-default elementor-section-height-default elementor-section elementor-top-section\" data-id=\"5301dea\" data-element_type=\"section\" data-settings=\"{&quot;stretch_section&quot;:&quot;section-stretched&quot;}\">\n\t\t\t\t\t\t<div class=\"elementor-container elementor-column-gap-default\">\n\t\t\t\t<div class=\"elementor-row\">\n\t\t\t\t<div class=\"elementor-element elementor-element-62cca2d elementor-column elementor-col-25 elementor-top-column\" data-id=\"62cca2d\" data-element_type=\"column\">\n\t\t\t<div class=\"elementor-column-wrap\">\n\t\t\t\t\t<div class=\"elementor-widget-wrap\">\n\t\t\t\t\t\t<\/div>\n\t\t\t<\/div>\n\t\t<\/div>\n\t\t\t\t<div class=\"elementor-element elementor-element-b2ce2f0 elementor-column elementor-col-25 elementor-top-column\" data-id=\"b2ce2f0\" data-element_type=\"column\">\n\t\t\t<div class=\"elementor-column-wrap  elementor-element-populated\">\n\t\t\t\t\t<div class=\"elementor-widget-wrap\">\n\t\t\t\t<div class=\"elementor-element elementor-element-5de5633 elementor-widget elementor-widget-image\" data-id=\"5de5633\" data-element_type=\"widget\" data-widget_type=\"image.default\">\n\t\t\t\t<div class=\"elementor-widget-container\">\n\t\t\t\t\t<div class=\"elementor-image\">\n\t\t\t\t\t\t\t\t\t\t\t<a href=\"http:\/\/www.compostelle-mayenne.fr\/index.php\/chemin-francigena\/\" target=\"_blank\">\n\t\t\t\t\t\t\t<img src=\"https:\/\/www.compostelle-mayenne.fr\/wp-content\/uploads\/2022\/02\/Haut-de-page-e1768293316359.jpg\" title=\"Haut de page\" alt=\"Haut de page\" \/>\t\t\t\t\t\t\t\t<\/a>\n\t\t\t\t\t\t\t\t\t\t\t<\/div>\n\t\t\t\t<\/div>\n\t\t\t\t<\/div>\n\t\t\t\t\t\t<\/div>\n\t\t\t<\/div>\n\t\t<\/div>\n\t\t\t\t<div class=\"elementor-element elementor-element-c851e63 elementor-column elementor-col-25 elementor-top-column\" data-id=\"c851e63\" data-element_type=\"column\">\n\t\t\t<div class=\"elementor-column-wrap  elementor-element-populated\">\n\t\t\t\t\t<div class=\"elementor-widget-wrap\">\n\t\t\t\t<div class=\"elementor-element elementor-element-8f5225a elementor-widget elementor-widget-image\" data-id=\"8f5225a\" data-element_type=\"widget\" data-widget_type=\"image.default\">\n\t\t\t\t<div class=\"elementor-widget-container\">\n\t\t\t\t\t<div class=\"elementor-image\">\n\t\t\t\t\t\t\t<figure class=\"wp-caption\">\n\t\t\t\t\t\t\t\t\t\t\t<a href=\"http:\/\/www.compostelle-mayenne.fr\/\" target=\"_blank\">\n\t\t\t\t\t\t\t<img src=\"https:\/\/www.compostelle-mayenne.fr\/wp-content\/uploads\/2022\/02\/Accueil-e1768293377357.jpg\" title=\"&#8211; Accueil\" alt=\"- Accueil\" \/>\t\t\t\t\t\t\t\t<\/a>\n\t\t\t\t\t\t\t\t\t\t\t<figcaption class=\"widget-image-caption wp-caption-text\"><\/figcaption>\n\t\t\t\t\t\t\t\t\t\t<\/figure>\n\t\t\t\t\t<\/div>\n\t\t\t\t<\/div>\n\t\t\t\t<\/div>\n\t\t\t\t\t\t<\/div>\n\t\t\t<\/div>\n\t\t<\/div>\n\t\t\t\t<div class=\"elementor-element elementor-element-718cd21 elementor-column elementor-col-25 elementor-top-column\" data-id=\"718cd21\" data-element_type=\"column\">\n\t\t\t<div class=\"elementor-column-wrap\">\n\t\t\t\t\t<div class=\"elementor-widget-wrap\">\n\t\t\t\t\t\t<\/div>\n\t\t\t<\/div>\n\t\t<\/div>\n\t\t\t\t\t\t<\/div>\n\t\t\t<\/div>\n\t\t<\/section>\n\t\t\t\t\t\t<\/div>\n\t\t\t<\/div>\n\t\t<\/div>\n\t\t","protected":false},"excerpt":{"rendered":"<p>De Canterbury \u00e0 Santa Maria di Leuca Comment rejoindre la Via Francigena depuis notre r\u00e9gion ? Par la Via Ligeria par exemple, qui m\u00e8nera de Nantes \u00e0 la Franche-Comt\u00e9. L&rsquo;itin\u00e9raire a \u00e9t\u00e9 rep\u00e9r\u00e9 et attend d\u00b4\u00eatre balis\u00e9. D\u00e9tails ici. Itin\u00e9raire culturel du Conseil de l&rsquo;Europe depuis 1994 : itin\u00e9raire lent, d\u00e9couverte culturelle, voyage et spiritualit\u00e9. [&hellip;]<\/p>\n","protected":false},"author":1,"featured_media":0,"parent":0,"menu_order":0,"comment_status":"closed","ping_status":"closed","template":"","meta":[],"_links":{"self":[{"href":"https:\/\/www.compostelle-mayenne.fr\/index.php\/wp-json\/wp\/v2\/pages\/5041"}],"collection":[{"href":"https:\/\/www.compostelle-mayenne.fr\/index.php\/wp-json\/wp\/v2\/pages"}],"about":[{"href":"https:\/\/www.compostelle-mayenne.fr\/index.php\/wp-json\/wp\/v2\/types\/page"}],"author":[{"embeddable":true,"href":"https:\/\/www.compostelle-mayenne.fr\/index.php\/wp-json\/wp\/v2\/users\/1"}],"replies":[{"embeddable":true,"href":"https:\/\/www.compostelle-mayenne.fr\/index.php\/wp-json\/wp\/v2\/comments?post=5041"}],"version-history":[{"count":48,"href":"https:\/\/www.compostelle-mayenne.fr\/index.php\/wp-json\/wp\/v2\/pages\/5041\/revisions"}],"predecessor-version":[{"id":13597,"href":"https:\/\/www.compostelle-mayenne.fr\/index.php\/wp-json\/wp\/v2\/pages\/5041\/revisions\/13597"}],"wp:attachment":[{"href":"https:\/\/www.compostelle-mayenne.fr\/index.php\/wp-json\/wp\/v2\/media?parent=5041"}],"curies":[{"name":"wp","href":"https:\/\/api.w.org\/{rel}","templated":true}]}}